[INFO] fetching crate async-xml 0.2.3...
[INFO] checking async-xml-0.2.3 against master#e6e4f7ed1589e03bc2f6c5931c1a72e7947e8682 for beta-170-4
[INFO] extracting crate async-xml 0.2.3 into /workspace/builds/worker-0-tc2/source
[INFO] validating manifest of crates.io crate async-xml 0.2.3 on toolchain e6e4f7ed1589e03bc2f6c5931c1a72e7947e8682
[INFO] running `Command { std: CARGO_HOME="/workspace/cargo-home" RUSTUP_HOME="/workspace/rustup-home" "/workspace/cargo-home/bin/cargo" "+e6e4f7ed1589e03bc2f6c5931c1a72e7947e8682" "metadata" "--manifest-path" "Cargo.toml" "--no-deps", kill_on_drop: false }`
[INFO] started tweaking crates.io crate async-xml 0.2.3
[INFO] finished tweaking crates.io crate async-xml 0.2.3
[INFO] tweaked toml for crates.io crate async-xml 0.2.3 written to /workspace/builds/worker-0-tc2/source/Cargo.toml
[INFO] crate crates.io crate async-xml 0.2.3 already has a lockfile, it will not be regenerated
[INFO] running `Command { std: CARGO_HOME="/workspace/cargo-home" RUSTUP_HOME="/workspace/rustup-home" "/workspace/cargo-home/bin/cargo" "+e6e4f7ed1589e03bc2f6c5931c1a72e7947e8682" "fetch" "--manifest-path" "Cargo.toml", kill_on_drop: false }`
[INFO] running `Command { std: "docker" "create" "-v" "/var/lib/crater-agent-workspace/builds/worker-0-tc2/target:/opt/rustwide/target:rw,Z" "-v" "/var/lib/crater-agent-workspace/builds/worker-0-tc2/source:/opt/rustwide/workdir:ro,Z" "-v" "/var/lib/crater-agent-workspace/cargo-home:/opt/rustwide/cargo-home:ro,Z" "-v" "/var/lib/crater-agent-workspace/rustup-home:/opt/rustwide/rustup-home:ro,Z" "-e" "SOURCE_DIR=/opt/rustwide/workdir" "-e" "CARGO_TARGET_DIR=/opt/rustwide/target" "-e" "CARGO_HOME=/opt/rustwide/cargo-home" "-e" "RUSTUP_HOME=/opt/rustwide/rustup-home" "-w" "/opt/rustwide/workdir" "-m" "1610612736" "--user" "0:0" "--network" "none" "ghcr.io/rust-lang/crates-build-env/linux@sha256:19e73879b68f455e41552ea35293514db52ea292d993f571636dbffedb77a1ee" "/opt/rustwide/cargo-home/bin/cargo" "+e6e4f7ed1589e03bc2f6c5931c1a72e7947e8682" "metadata" "--no-deps" "--format-version=1", kill_on_drop: false }`
[INFO] [stdout] bb6b3b50de433f3827212c5b2fc322715b9d9d25c3b47e1596380d2033191cf9
[INFO] running `Command { std: "docker" "start" "-a" "bb6b3b50de433f3827212c5b2fc322715b9d9d25c3b47e1596380d2033191cf9", kill_on_drop: false }`
[INFO] running `Command { std: "docker" "inspect" "bb6b3b50de433f3827212c5b2fc322715b9d9d25c3b47e1596380d2033191cf9", kill_on_drop: false }`
[INFO] running `Command { std: "docker" "rm" "-f" "bb6b3b50de433f3827212c5b2fc322715b9d9d25c3b47e1596380d2033191cf9", kill_on_drop: false }`
[INFO] [stdout] bb6b3b50de433f3827212c5b2fc322715b9d9d25c3b47e1596380d2033191cf9
[INFO] running `Command { std: "docker" "create" "-v" "/var/lib/crater-agent-workspace/builds/worker-0-tc2/target:/opt/rustwide/target:rw,Z" "-v" "/var/lib/crater-agent-workspace/builds/worker-0-tc2/source:/opt/rustwide/workdir:ro,Z" "-v" "/var/lib/crater-agent-workspace/cargo-home:/opt/rustwide/cargo-home:ro,Z" "-v" "/var/lib/crater-agent-workspace/rustup-home:/opt/rustwide/rustup-home:ro,Z" "-e" "SOURCE_DIR=/opt/rustwide/workdir" "-e" "CARGO_TARGET_DIR=/opt/rustwide/target" "-e" "CARGO_INCREMENTAL=0" "-e" "RUST_BACKTRACE=full" "-e" "RUSTFLAGS=--cap-lints=forbid" "-e" "RUSTDOCFLAGS=--cap-lints=forbid" "-e" "CARGO_HOME=/opt/rustwide/cargo-home" "-e" "RUSTUP_HOME=/opt/rustwide/rustup-home" "-w" "/opt/rustwide/workdir" "-m" "1610612736" "--user" "0:0" "--network" "none" "ghcr.io/rust-lang/crates-build-env/linux@sha256:19e73879b68f455e41552ea35293514db52ea292d993f571636dbffedb77a1ee" "/opt/rustwide/cargo-home/bin/cargo" "+e6e4f7ed1589e03bc2f6c5931c1a72e7947e8682" "check" "--frozen" "--all" "--all-targets" "--message-format=json", kill_on_drop: false }`
[INFO] [stdout] 82f81d30145d7ddadf140bede2595a4b553b10d2d5dcdd069c5f4b3eb0412c16
[INFO] running `Command { std: "docker" "start" "-a" "82f81d30145d7ddadf140bede2595a4b553b10d2d5dcdd069c5f4b3eb0412c16", kill_on_drop: false }`
[INFO] [stderr]    Compiling proc-macro2 v1.0.47
[INFO] [stderr]    Compiling quote v1.0.21
[INFO] [stderr]    Compiling unicode-ident v1.0.5
[INFO] [stderr]    Compiling syn v1.0.103
[INFO] [stderr]    Compiling libc v0.2.137
[INFO] [stderr]    Compiling autocfg v1.1.0
[INFO] [stderr]    Compiling memchr v2.5.0
[INFO] [stderr]     Checking pin-project-lite v0.2.9
[INFO] [stderr]    Compiling encoding_rs v0.8.31
[INFO] [stderr]     Checking bytes v1.2.1
[INFO] [stderr]    Compiling async-trait v0.1.58
[INFO] [stderr]     Checking once_cell v1.16.0
[INFO] [stderr]    Compiling thiserror v1.0.37
[INFO] [stderr]     Checking tracing-core v0.1.30
[INFO] [stderr]    Compiling tokio v1.21.2
[INFO] [stderr]     Checking num_cpus v1.14.0
[INFO] [stderr]    Compiling tokio-macros v1.8.0
[INFO] [stderr]    Compiling tracing-attributes v0.1.23
[INFO] [stderr]    Compiling thiserror-impl v1.0.37
[INFO] [stderr]     Checking tracing v0.1.37
[INFO] [stderr]     Checking quick-xml v0.24.1
[INFO] [stderr]     Checking async-xml v0.2.3 (/opt/rustwide/workdir)
[INFO] [stdout] error[E0432]: unresolved import `async_xml_derive`
[INFO] [stdout]  --> examples/report_option.rs:2:5
[INFO] [stdout]   |
[INFO] [stdout] 2 | use async_xml_derive::FromXml;
[INFO] [stdout]   |     ^^^^^^^^^^^^^^^^ use of undeclared crate or module `async_xml_derive`
[INFO] [stdout] 
[INFO] [stdout] 
[INFO] [stdout] error[E0432]: unresolved import `async_xml_derive`
[INFO] [stdout]  --> examples/newtype.rs:2:5
[INFO] [stdout]   |
[INFO] [stdout] 2 | use async_xml_derive::FromXml;
[INFO] [stdout]   |     ^^^^^^^^^^^^^^^^ use of undeclared crate or module `async_xml_derive`
[INFO] [stdout] 
[INFO] [stdout] 
[INFO] [stdout] error: cannot determine resolution for the derive macro `FromXml`
[INFO] [stdout]   --> examples/newtype.rs:12:28
[INFO] [stdout]    |
[INFO] [stdout] 12 | #[derive(Debug, PartialEq, FromXml)]
[INFO] [stdout]    |                            ^^^^^^^
[INFO] [stdout]    |
[INFO] [stdout]    = note: import resolution is stuck, try simplifying macro imports
[INFO] [stdout] 
[INFO] [stdout] 
[INFO] [stdout] error: cannot determine resolution for the derive macro `FromXml`
[INFO] [stdout]   --> examples/report_option.rs:12:28
[INFO] [stdout]    |
[INFO] [stdout] 12 | #[derive(Debug, PartialEq, FromXml)]
[INFO] [stdout]    |                            ^^^^^^^
[INFO] [stdout]    |
[INFO] [stdout]    = note: import resolution is stuck, try simplifying macro imports
[INFO] [stdout] 
[INFO] [stdout] 
[INFO] [stdout] error[E0432]: unresolved import `async_xml_derive`
[INFO] [stdout]  --> tests/report_vec.rs:2:5
[INFO] [stdout]   |
[INFO] [stdout] 2 | use async_xml_derive::FromXml;
[INFO] [stdout]   |     ^^^^^^^^^^^^^^^^ use of undeclared crate or module `async_xml_derive`
[INFO] [stdout] 
[INFO] [stdout] 
[INFO] [stdout] error: cannot determine resolution for the derive macro `FromXml`
[INFO] [stdout]   --> tests/report_vec.rs:24:28
[INFO] [stdout]    |
[INFO] [stdout] 24 | #[derive(Debug, PartialEq, FromXml)]
[INFO] [stdout]    |                            ^^^^^^^
[INFO] [stdout]    |
[INFO] [stdout]    = note: import resolution is stuck, try simplifying macro imports
[INFO] [stdout] 
[INFO] [stdout] 
[INFO] [stdout] error[E0432]: unresolved import `async_xml_derive`
[INFO] [stdout]  --> tests/xml_vec.rs:2:5
[INFO] [stdout]   |
[INFO] [stdout] 2 | use async_xml_derive::FromXml;
[INFO] [stdout]   |     ^^^^^^^^^^^^^^^^ use of undeclared crate or module `async_xml_derive`
[INFO] [stdout] 
[INFO] [stdout] 
[INFO] [stdout] error: cannot determine resolution for the derive macro `FromXml`
[INFO] [stdout]   --> tests/xml_vec.rs:14:28
[INFO] [stdout]    |
[INFO] [stdout] 14 | #[derive(Debug, PartialEq, FromXml)]
[INFO] [stdout]    |                            ^^^^^^^
[INFO] [stdout]    |
[INFO] [stdout]    = note: import resolution is stuck, try simplifying macro imports
[INFO] [stdout] 
[INFO] [stdout] 
[INFO] [stdout] error[E0432]: unresolved import `async_xml_derive`
[INFO] [stdout]  --> examples/empty.rs:2:5
[INFO] [stdout]   |
[INFO] [stdout] 2 | use async_xml_derive::FromXml;
[INFO] [stdout]   |     ^^^^^^^^^^^^^^^^ use of undeclared crate or module `async_xml_derive`
[INFO] [stdout] 
[INFO] [stdout] 
[INFO] [stdout] error: cannot determine resolution for the derive macro `FromXml`
[INFO] [stdout]   --> examples/empty.rs:11:28
[INFO] [stdout]    |
[INFO] [stdout] 11 | #[derive(Debug, PartialEq, FromXml)]
[INFO] [stdout]    |                            ^^^^^^^
[INFO] [stdout]    |
[INFO] [stdout]    = note: import resolution is stuck, try simplifying macro imports
[INFO] [stdout] 
[INFO] [stdout] 
[INFO] [stdout] error[E0432]: unresolved import `async_xml_derive`
[INFO] [stdout]  --> tests/flatten.rs:2:5
[INFO] [stdout]   |
[INFO] [stdout] 2 | use async_xml_derive::FromXml;
[INFO] [stdout]   |     ^^^^^^^^^^^^^^^^ use of undeclared crate or module `async_xml_derive`
[INFO] [stdout] 
[INFO] [stdout] 
[INFO] [stdout] error[E0432]: unresolved import `async_xml_derive`
[INFO] [stdout]  --> tests/store_any.rs:5:5
[INFO] [stdout]   |
[INFO] [stdout] 5 | use async_xml_derive::FromXml;
[INFO] [stdout]   |     ^^^^^^^^^^^^^^^^ use of undeclared crate or module `async_xml_derive`
[INFO] [stdout] 
[INFO] [stdout] 
[INFO] [stdout] error: cannot determine resolution for the derive macro `FromXml`
[INFO] [stdout]   --> tests/flatten.rs:19:28
[INFO] [stdout]    |
[INFO] [stdout] 19 | #[derive(Debug, PartialEq, FromXml)]
[INFO] [stdout]    |                            ^^^^^^^
[INFO] [stdout]    |
[INFO] [stdout]    = note: import resolution is stuck, try simplifying macro imports
[INFO] [stdout] 
[INFO] [stdout] 
[INFO] [stdout] error: cannot determine resolution for the derive macro `FromXml`
[INFO] [stdout]   --> tests/store_any.rs:56:28
[INFO] [stdout]    |
[INFO] [stdout] 56 | #[derive(Debug, PartialEq, FromXml)]
[INFO] [stdout]    |                            ^^^^^^^
[INFO] [stdout]    |
[INFO] [stdout]    = note: import resolution is stuck, try simplifying macro imports
[INFO] [stdout] 
[INFO] [stdout] 
[INFO] [stdout] error[E0432]: unresolved import `async_xml_derive`
[INFO] [stdout]  --> tests/report_option.rs:2:5
[INFO] [stdout]   |
[INFO] [stdout] 2 | use async_xml_derive::FromXml;
[INFO] [stdout]   |     ^^^^^^^^^^^^^^^^ use of undeclared crate or module `async_xml_derive`
[INFO] [stdout] 
[INFO] [stdout] 
[INFO] [stdout] error: cannot determine resolution for the derive macro `FromXml`
[INFO] [stdout]   --> tests/report_option.rs:39:28
[INFO] [stdout]    |
[INFO] [stdout] 39 | #[derive(Debug, PartialEq, FromXml)]
[INFO] [stdout]    |                            ^^^^^^^
[INFO] [stdout]    |
[INFO] [stdout]    = note: import resolution is stuck, try simplifying macro imports
[INFO] [stdout] 
[INFO] [stdout] 
[INFO] [stdout] error[E0432]: unresolved import `async_xml_derive`
[INFO] [stdout]  --> tests/private.rs:2:5
[INFO] [stdout]   |
[INFO] [stdout] 2 | use async_xml_derive::FromXml;
[INFO] [stdout]   |     ^^^^^^^^^^^^^^^^ use of undeclared crate or module `async_xml_derive`
[INFO] [stdout] 
[INFO] [stdout] 
[INFO] [stdout] error: cannot determine resolution for the derive macro `FromXml`
[INFO] [stdout]   --> tests/private.rs:12:28
[INFO] [stdout]    |
[INFO] [stdout] 12 | #[derive(Debug, PartialEq, FromXml)]
[INFO] [stdout]    |                            ^^^^^^^
[INFO] [stdout]    |
[INFO] [stdout]    = note: import resolution is stuck, try simplifying macro imports
[INFO] [stdout] 
[INFO] [stdout] 
[INFO] [stdout] error[E0432]: unresolved import `async_xml_derive`
[INFO] [stdout]  --> examples/newtype_int.rs:2:5
[INFO] [stdout]   |
[INFO] [stdout] 2 | use async_xml_derive::FromXml;
[INFO] [stdout]   |     ^^^^^^^^^^^^^^^^ use of undeclared crate or module `async_xml_derive`
[INFO] [stdout] 
[INFO] [stdout] 
[INFO] [stdout] error: cannot determine resolution for the derive macro `FromXml`
[INFO] [stdout]   --> examples/newtype_int.rs:10:28
[INFO] [stdout]    |
[INFO] [stdout] 10 | #[derive(Debug, PartialEq, FromXml)]
[INFO] [stdout]    |                            ^^^^^^^
[INFO] [stdout]    |
[INFO] [stdout]    = note: import resolution is stuck, try simplifying macro imports
[INFO] [stdout] 
[INFO] [stdout] 
[INFO] [stdout] error[E0432]: unresolved import `async_xml_derive`
[INFO] [stdout]  --> tests/discard.rs:2:5
[INFO] [stdout]   |
[INFO] [stdout] 2 | use async_xml_derive::FromXml;
[INFO] [stdout]   |     ^^^^^^^^^^^^^^^^ use of undeclared crate or module `async_xml_derive`
[INFO] [stdout] 
[INFO] [stdout] 
[INFO] [stdout] error: cannot determine resolution for the derive macro `FromXml`
[INFO] [stdout]   --> tests/discard.rs:60:28
[INFO] [stdout]    |
[INFO] [stdout] 60 | #[derive(Debug, PartialEq, FromXml)]
[INFO] [stdout]    |                            ^^^^^^^
[INFO] [stdout]    |
[INFO] [stdout]    = note: import resolution is stuck, try simplifying macro imports
[INFO] [stdout] 
[INFO] [stdout] 
[INFO] [stdout] error[E0432]: unresolved import `async_xml_derive`
[INFO] [stdout]  --> tests/xml_vec_derive.rs:2:5
[INFO] [stdout]   |
[INFO] [stdout] 2 | use async_xml_derive::FromXml;
[INFO] [stdout]   |     ^^^^^^^^^^^^^^^^ use of undeclared crate or module `async_xml_derive`
[INFO] [stdout] 
[INFO] [stdout] 
[INFO] [stdout] error: cannot determine resolution for the derive macro `FromXml`
[INFO] [stdout]   --> tests/xml_vec_derive.rs:14:28
[INFO] [stdout]    |
[INFO] [stdout] 14 | #[derive(Debug, PartialEq, FromXml)]
[INFO] [stdout]    |                            ^^^^^^^
[INFO] [stdout]    |
[INFO] [stdout]    = note: import resolution is stuck, try simplifying macro imports
[INFO] [stdout] 
[INFO] [stdout] 
[INFO] [stdout] error[E0432]: unresolved import `async_xml_derive`
[INFO] [stdout]  --> examples/flatten.rs:2:5
[INFO] [stdout]   |
[INFO] [stdout] 2 | use async_xml_derive::FromXml;
[INFO] [stdout]   |     ^^^^^^^^^^^^^^^^ use of undeclared crate or module `async_xml_derive`
[INFO] [stdout] 
[INFO] [stdout] 
[INFO] [stdout] error: cannot find attribute `async_xml` in this scope
[INFO] [stdout]   --> examples/report_option.rs:13:3
[INFO] [stdout]    |
[INFO] [stdout] 13 | #[async_xml(rename = "report")]
[INFO] [stdout]    |   ^^^^^^^^^
[INFO] [stdout]    |
[INFO] [stdout]    = note: `async_xml` is in scope, but it is a crate, not an attribute
[INFO] [stdout] 
[INFO] [stdout] 
[INFO] [stdout] error: cannot determine resolution for the derive macro `FromXml`
[INFO] [stdout]   --> examples/flatten.rs:11:28
[INFO] [stdout]    |
[INFO] [stdout] 11 | #[derive(Debug, PartialEq, FromXml)]
[INFO] [stdout]    |                            ^^^^^^^
[INFO] [stdout]    |
[INFO] [stdout]    = note: import resolution is stuck, try simplifying macro imports
[INFO] [stdout] 
[INFO] [stdout] 
[INFO] [stdout] error: cannot find attribute `async_xml` in this scope
[INFO] [stdout]   --> examples/newtype.rs:13:3
[INFO] [stdout]    |
[INFO] [stdout] 13 | #[async_xml(rename = "report")]
[INFO] [stdout]    |   ^^^^^^^^^
[INFO] [stdout]    |
[INFO] [stdout]    = note: `async_xml` is in scope, but it is a crate, not an attribute
[INFO] [stdout] 
[INFO] [stdout] 
[INFO] [stdout] error: cannot find attribute `async_xml` in this scope
[INFO] [stdout]   --> examples/report_option.rs:15:7
[INFO] [stdout]    |
[INFO] [stdout] 15 |     #[async_xml(attribute)]
[INFO] [stdout]    |       ^^^^^^^^^
[INFO] [stdout]    |
[INFO] [stdout]    = note: `async_xml` is in scope, but it is a crate, not an attribute
[INFO] [stdout] 
[INFO] [stdout] 
[INFO] [stdout] error: cannot find attribute `async_xml` in this scope
[INFO] [stdout]   --> examples/newtype.rs:15:7
[INFO] [stdout]    |
[INFO] [stdout] 15 |     #[async_xml(attribute)]
[INFO] [stdout]    |       ^^^^^^^^^
[INFO] [stdout]    |
[INFO] [stdout]    = note: `async_xml` is in scope, but it is a crate, not an attribute
[INFO] [stdout] 
[INFO] [stdout] 
[INFO] [stdout] error: cannot find attribute `async_xml` in this scope
[INFO] [stdout]   --> examples/report_option.rs:17:7
[INFO] [stdout]    |
[INFO] [stdout] 17 |     #[async_xml(child)]
[INFO] [stdout]    |       ^^^^^^^^^
[INFO] [stdout]    |
[INFO] [stdout]    = note: `async_xml` is in scope, but it is a crate, not an attribute
[INFO] [stdout] 
[INFO] [stdout] 
[INFO] [stdout] error: cannot determine resolution for the derive macro `FromXml`
[INFO] [stdout]   --> examples/report_option.rs:21:28
[INFO] [stdout]    |
[INFO] [stdout] 21 | #[derive(Debug, PartialEq, FromXml)]
[INFO] [stdout]    |                            ^^^^^^^
[INFO] [stdout]    |
[INFO] [stdout]    = note: import resolution is stuck, try simplifying macro imports
[INFO] [stdout] 
[INFO] [stdout] 
[INFO] [stdout] error: cannot find attribute `async_xml` in this scope
[INFO] [stdout]   --> examples/empty.rs:13:7
[INFO] [stdout]    |
[INFO] [stdout] 13 |     #[async_xml(child)]
[INFO] [stdout]    |       ^^^^^^^^^
[INFO] [stdout]    |
[INFO] [stdout]    = note: `async_xml` is in scope, but it is a crate, not an attribute
[INFO] [stdout] 
[INFO] [stdout] 
[INFO] [stdout] error: cannot find attribute `async_xml` in this scope
[INFO] [stdout]   --> tests/report_vec.rs:25:3
[INFO] [stdout]    |
[INFO] [stdout] 25 | #[async_xml(rename = "report")]
[INFO] [stdout]    |   ^^^^^^^^^
[INFO] [stdout]    |
[INFO] [stdout]    = note: `async_xml` is in scope, but it is a crate, not an attribute
[INFO] [stdout] 
[INFO] [stdout] 
[INFO] [stdout] error: cannot determine resolution for the derive macro `FromXml`
[INFO] [stdout]   --> examples/empty.rs:17:28
[INFO] [stdout]    |
[INFO] [stdout] 17 | #[derive(Debug, PartialEq, FromXml)]
[INFO] [stdout]    |                            ^^^^^^^
[INFO] [stdout]    |
[INFO] [stdout]    = note: import resolution is stuck, try simplifying macro imports
[INFO] [stdout] 
[INFO] [stdout] 
[INFO] [stdout] error: cannot find attribute `async_xml` in this scope
[INFO] [stdout]   --> tests/store_any.rs:58:7
[INFO] [stdout]    |
[INFO] [stdout] 58 |     #[async_xml(value)]
[INFO] [stdout]    |       ^^^^^^^^^
[INFO] [stdout]    |
[INFO] [stdout]    = note: `async_xml` is in scope, but it is a crate, not an attribute
[INFO] [stdout] 
[INFO] [stdout] 
[INFO] [stdout] error: cannot find attribute `async_xml` in this scope
[INFO] [stdout]   --> examples/report_option.rs:22:3
[INFO] [stdout]    |
[INFO] [stdout] 22 | #[async_xml(rename = "data")]
[INFO] [stdout]    |   ^^^^^^^^^
[INFO] [stdout]    |
[INFO] [stdout]    = note: `async_xml` is in scope, but it is a crate, not an attribute
[INFO] [stdout] 
[INFO] [stdout] 
[INFO] [stdout] error: cannot find attribute `async_xml` in this scope
[INFO] [stdout]   --> tests/report_vec.rs:27:7
[INFO] [stdout]    |
[INFO] [stdout] 27 |     #[async_xml(attribute)]
[INFO] [stdout]    |       ^^^^^^^^^
[INFO] [stdout]    |
[INFO] [stdout]    = note: `async_xml` is in scope, but it is a crate, not an attribute
[INFO] [stdout] 
[INFO] [stdout] 
[INFO] [stdout] error: cannot find attribute `async_xml` in this scope
[INFO] [stdout]   --> tests/report_option.rs:40:3
[INFO] [stdout]    |
[INFO] [stdout] 40 | #[async_xml(rename = "report")]
[INFO] [stdout]    |   ^^^^^^^^^
[INFO] [stdout]    |
[INFO] [stdout]    = note: `async_xml` is in scope, but it is a crate, not an attribute
[INFO] [stdout] 
[INFO] [stdout] 
[INFO] [stdout] error: cannot find attribute `async_xml` in this scope
[INFO] [stdout]   --> examples/newtype.rs:17:7
[INFO] [stdout]    |
[INFO] [stdout] 17 |     #[async_xml(child)]
[INFO] [stdout]    |       ^^^^^^^^^
[INFO] [stdout]    |
[INFO] [stdout]    = note: `async_xml` is in scope, but it is a crate, not an attribute
[INFO] [stdout] 
[INFO] [stdout] 
[INFO] [stdout] error: cannot determine resolution for the derive macro `FromXml`
[INFO] [stdout]   --> examples/newtype.rs:21:28
[INFO] [stdout]    |
[INFO] [stdout] 21 | #[derive(Debug, PartialEq, FromXml)]
[INFO] [stdout]    |                            ^^^^^^^
[INFO] [stdout]    |
[INFO] [stdout]    = note: import resolution is stuck, try simplifying macro imports
[INFO] [stdout] 
[INFO] [stdout] 
[INFO] [stdout] error: cannot find attribute `async_xml` in this scope
[INFO] [stdout]   --> examples/report_option.rs:24:7
[INFO] [stdout]    |
[INFO] [stdout] 24 |     #[async_xml(value)]
[INFO] [stdout]    |       ^^^^^^^^^
[INFO] [stdout]    |
[INFO] [stdout]    = note: `async_xml` is in scope, but it is a crate, not an attribute
[INFO] [stdout] 
[INFO] [stdout] 
[INFO] [stdout] error: cannot determine resolution for the derive macro `FromXml`
[INFO] [stdout]   --> examples/newtype.rs:24:28
[INFO] [stdout]    |
[INFO] [stdout] 24 | #[derive(Debug, PartialEq, FromXml)]
[INFO] [stdout]    |                            ^^^^^^^
[INFO] [stdout]    |
[INFO] [stdout]    = note: import resolution is stuck, try simplifying macro imports
[INFO] [stdout] 
[INFO] [stdout] 
[INFO] [stdout] error: cannot find attribute `async_xml` in this scope
[INFO] [stdout]   --> tests/xml_vec.rs:15:3
[INFO] [stdout]    |
[INFO] [stdout] 15 | #[async_xml(rename = "report")]
[INFO] [stdout]    |   ^^^^^^^^^
[INFO] [stdout]    |
[INFO] [stdout]    = note: `async_xml` is in scope, but it is a crate, not an attribute
[INFO] [stdout] 
[INFO] [stdout] 
[INFO] [stdout] error: cannot find attribute `async_xml` in this scope
[INFO] [stdout]   --> tests/store_any.rs:60:7
[INFO] [stdout]    |
[INFO] [stdout] 60 |     #[async_xml(child)]
[INFO] [stdout]    |       ^^^^^^^^^
[INFO] [stdout]    |
[INFO] [stdout]    = note: `async_xml` is in scope, but it is a crate, not an attribute
[INFO] [stdout] 
[INFO] [stdout] 
[INFO] [stdout] error: cannot find attribute `async_xml` in this scope
[INFO] [stdout]   --> tests/report_option.rs:42:7
[INFO] [stdout]    |
[INFO] [stdout] 42 |     #[async_xml(attribute)]
[INFO] [stdout]    |       ^^^^^^^^^
[INFO] [stdout]    |
[INFO] [stdout]    = note: `async_xml` is in scope, but it is a crate, not an attribute
[INFO] [stdout] 
[INFO] [stdout] 
[INFO] [stdout] error: cannot find attribute `async_xml` in this scope
[INFO] [stdout]   --> tests/flatten.rs:21:7
[INFO] [stdout]    |
[INFO] [stdout] 21 |     #[async_xml(attribute)]
[INFO] [stdout]    |       ^^^^^^^^^
[INFO] [stdout]    |
[INFO] [stdout]    = note: `async_xml` is in scope, but it is a crate, not an attribute
[INFO] [stdout] 
[INFO] [stdout] 
[INFO] [stdout] error: cannot find attribute `async_xml` in this scope
[INFO] [stdout]   --> tests/report_vec.rs:29:7
[INFO] [stdout]    |
[INFO] [stdout] 29 |     #[async_xml(child)]
[INFO] [stdout]    |       ^^^^^^^^^
[INFO] [stdout]    |
[INFO] [stdout]    = note: `async_xml` is in scope, but it is a crate, not an attribute
[INFO] [stdout] 
[INFO] [stdout] 
[INFO] [stdout] error: cannot determine resolution for the derive macro `FromXml`
[INFO] [stdout]   --> tests/flatten.rs:25:28
[INFO] [stdout]    |
[INFO] [stdout] 25 | #[derive(Debug, PartialEq, FromXml)]
[INFO] [stdout]    |                            ^^^^^^^
[INFO] [stdout]    |
[INFO] [stdout]    = note: import resolution is stuck, try simplifying macro imports
[INFO] [stdout] 
[INFO] [stdout] 
[INFO] [stdout] error: cannot determine resolution for the derive macro `FromXml`
[INFO] [stdout]   --> tests/report_vec.rs:33:28
[INFO] [stdout]    |
[INFO] [stdout] 33 | #[derive(Debug, PartialEq, FromXml)]
[INFO] [stdout]    |                            ^^^^^^^
[INFO] [stdout]    |
[INFO] [stdout]    = note: import resolution is stuck, try simplifying macro imports
[INFO] [stdout] 
[INFO] [stdout] 
[INFO] [stdout] error: cannot find attribute `async_xml` in this scope
[INFO] [stdout]   --> tests/store_any.rs:62:7
[INFO] [stdout]    |
[INFO] [stdout] 62 |     #[async_xml(remains)]
[INFO] [stdout]    |       ^^^^^^^^^
[INFO] [stdout]    |
[INFO] [stdout]    = note: `async_xml` is in scope, but it is a crate, not an attribute
[INFO] [stdout] 
[INFO] [stdout] 
[INFO] [stdout] error: cannot find attribute `async_xml` in this scope
[INFO] [stdout]   --> tests/xml_vec.rs:17:7
[INFO] [stdout]    |
[INFO] [stdout] 17 |     #[async_xml(child, rename = "ids")]
[INFO] [stdout]    |       ^^^^^^^^^
[INFO] [stdout]    |
[INFO] [stdout]    = note: `async_xml` is in scope, but it is a crate, not an attribute
[INFO] [stdout] 
[INFO] [stdout] 
[INFO] [stdout] error: cannot find attribute `async_xml` in this scope
[INFO] [stdout]   --> tests/report_option.rs:44:7
[INFO] [stdout]    |
[INFO] [stdout] 44 |     #[async_xml(child)]
[INFO] [stdout]    |       ^^^^^^^^^
[INFO] [stdout]    |
[INFO] [stdout]    = note: `async_xml` is in scope, but it is a crate, not an attribute
[INFO] [stdout] 
[INFO] [stdout] 
[INFO] [stdout] error: cannot find attribute `async_xml` in this scope
[INFO] [stdout]   --> tests/flatten.rs:27:7
[INFO] [stdout]    |
[INFO] [stdout] 27 |     #[async_xml(flatten)]
[INFO] [stdout]    |       ^^^^^^^^^
[INFO] [stdout]    |
[INFO] [stdout]    = note: `async_xml` is in scope, but it is a crate, not an attribute
[INFO] [stdout] 
[INFO] [stdout] 
[INFO] [stdout] error: cannot determine resolution for the derive macro `FromXml`
[INFO] [stdout]   --> tests/report_option.rs:48:28
[INFO] [stdout]    |
[INFO] [stdout] 48 | #[derive(Debug, PartialEq, FromXml)]
[INFO] [stdout]    |                            ^^^^^^^
[INFO] [stdout]    |
[INFO] [stdout]    = note: import resolution is stuck, try simplifying macro imports
[INFO] [stdout] 
[INFO] [stdout] 
[INFO] [stdout] error: cannot find attribute `async_xml` in this scope
[INFO] [stdout]   --> tests/report_vec.rs:34:3
[INFO] [stdout]    |
[INFO] [stdout] 34 | #[async_xml(rename = "data")]
[INFO] [stdout]    |   ^^^^^^^^^
[INFO] [stdout]    |
[INFO] [stdout]    = note: `async_xml` is in scope, but it is a crate, not an attribute
[INFO] [stdout] 
[INFO] [stdout] 
[INFO] [stdout] error: cannot find attribute `async_xml` in this scope
[INFO] [stdout]   --> tests/flatten.rs:29:7
[INFO] [stdout]    |
[INFO] [stdout] 29 |     #[async_xml(child)]
[INFO] [stdout]    |       ^^^^^^^^^
[INFO] [stdout]    |
[INFO] [stdout]    = note: `async_xml` is in scope, but it is a crate, not an attribute
[INFO] [stdout] 
[INFO] [stdout] 
[INFO] [stdout] error: cannot find attribute `async_xml` in this scope
[INFO] [stdout]   --> tests/report_option.rs:49:3
[INFO] [stdout]    |
[INFO] [stdout] 49 | #[async_xml(rename = "data")]
[INFO] [stdout]    |   ^^^^^^^^^
[INFO] [stdout]    |
[INFO] [stdout]    = note: `async_xml` is in scope, but it is a crate, not an attribute
[INFO] [stdout] 
[INFO] [stdout] 
[INFO] [stdout] error: cannot determine resolution for the derive macro `FromXml`
[INFO] [stdout]   --> tests/flatten.rs:33:28
[INFO] [stdout]    |
[INFO] [stdout] 33 | #[derive(Debug, PartialEq, FromXml)]
[INFO] [stdout]    |                            ^^^^^^^
[INFO] [stdout]    |
[INFO] [stdout]    = note: import resolution is stuck, try simplifying macro imports
[INFO] [stdout] 
[INFO] [stdout] 
[INFO] [stdout] error: cannot find attribute `async_xml` in this scope
[INFO] [stdout]   --> tests/flatten.rs:35:7
[INFO] [stdout]    |
[INFO] [stdout] 35 |     #[async_xml(value)]
[INFO] [stdout]    |       ^^^^^^^^^
[INFO] [stdout]    |
[INFO] [stdout]    = note: `async_xml` is in scope, but it is a crate, not an attribute
[INFO] [stdout] 
[INFO] [stdout] 
[INFO] [stdout] error: cannot find attribute `async_xml` in this scope
[INFO] [stdout]   --> tests/report_option.rs:51:7
[INFO] [stdout]    |
[INFO] [stdout] 51 |     #[async_xml(value)]
[INFO] [stdout]    |       ^^^^^^^^^
[INFO] [stdout]    |
[INFO] [stdout]    = note: `async_xml` is in scope, but it is a crate, not an attribute
[INFO] [stdout] 
[INFO] [stdout] 
[INFO] [stdout] error: cannot find attribute `async_xml` in this scope
[INFO] [stdout]   --> tests/report_vec.rs:36:7
[INFO] [stdout]    |
[INFO] [stdout] 36 |     #[async_xml(attribute)]
[INFO] [stdout]    |       ^^^^^^^^^
[INFO] [stdout]    |
[INFO] [stdout]    = note: `async_xml` is in scope, but it is a crate, not an attribute
[INFO] [stdout] 
[INFO] [stdout] 
[INFO] [stdout] error: cannot find attribute `async_xml` in this scope
[INFO] [stdout]   --> tests/discard.rs:62:7
[INFO] [stdout]    |
[INFO] [stdout] 62 |     #[async_xml(value)]
[INFO] [stdout]    |       ^^^^^^^^^
[INFO] [stdout]    |
[INFO] [stdout]    = note: `async_xml` is in scope, but it is a crate, not an attribute
[INFO] [stdout] 
[INFO] [stdout] 
[INFO] [stdout] error: cannot determine resolution for the derive macro `FromXml`
[INFO] [stdout]   --> tests/discard.rs:66:28
[INFO] [stdout]    |
[INFO] [stdout] 66 | #[derive(Debug, PartialEq, FromXml)]
[INFO] [stdout]    |                            ^^^^^^^
[INFO] [stdout]    |
[INFO] [stdout]    = note: import resolution is stuck, try simplifying macro imports
[INFO] [stdout] 
[INFO] [stdout] 
[INFO] [stdout] error: cannot find attribute `async_xml` in this scope
[INFO] [stdout]   --> tests/xml_vec_derive.rs:15:3
[INFO] [stdout]    |
[INFO] [stdout] 15 | #[async_xml(rename = "report")]
[INFO] [stdout]    |   ^^^^^^^^^
[INFO] [stdout]    |
[INFO] [stdout]    = note: `async_xml` is in scope, but it is a crate, not an attribute
[INFO] [stdout] 
[INFO] [stdout] 
[INFO] [stdout] error: cannot find attribute `async_xml` in this scope
[INFO] [stdout]   --> tests/report_vec.rs:38:7
[INFO] [stdout]    |
[INFO] [stdout] 38 |     #[async_xml(value, default)]
[INFO] [stdout]    |       ^^^^^^^^^
[INFO] [stdout]    |
[INFO] [stdout]    = note: `async_xml` is in scope, but it is a crate, not an attribute
[INFO] [stdout] 
[INFO] [stdout] 
[INFO] [stdout] error: cannot find attribute `async_xml` in this scope
[INFO] [stdout]   --> tests/discard.rs:67:3
[INFO] [stdout]    |
[INFO] [stdout] 67 | #[async_xml(allow_unknown_children)]
[INFO] [stdout]    |   ^^^^^^^^^
[INFO] [stdout]    |
[INFO] [stdout]    = note: `async_xml` is in scope, but it is a crate, not an attribute
[INFO] [stdout] 
[INFO] [stdout] 
[INFO] [stdout] error: cannot find attribute `async_xml` in this scope
[INFO] [stdout]   --> tests/xml_vec_derive.rs:17:7
[INFO] [stdout]    |
[INFO] [stdout] 17 |     #[async_xml(child, rename = "ids", from = "async_xml::XmlVec<u32>")]
[INFO] [stdout]    |       ^^^^^^^^^
[INFO] [stdout]    |
[INFO] [stdout]    = note: `async_xml` is in scope, but it is a crate, not an attribute
[INFO] [stdout] 
[INFO] [stdout] 
[INFO] [stdout] error: cannot find attribute `async_xml` in this scope
[INFO] [stdout]   --> tests/discard.rs:69:7
[INFO] [stdout]    |
[INFO] [stdout] 69 |     #[async_xml(value)]
[INFO] [stdout]    |       ^^^^^^^^^
[INFO] [stdout]    |
[INFO] [stdout]    = note: `async_xml` is in scope, but it is a crate, not an attribute
[INFO] [stdout] 
[INFO] [stdout] 
[INFO] [stdout] error: cannot determine resolution for the derive macro `FromXml`
[INFO] [stdout]   --> tests/discard.rs:73:28
[INFO] [stdout]    |
[INFO] [stdout] 73 | #[derive(Debug, PartialEq, FromXml)]
[INFO] [stdout]    |                            ^^^^^^^
[INFO] [stdout]    |
[INFO] [stdout]    = note: import resolution is stuck, try simplifying macro imports
[INFO] [stdout] 
[INFO] [stdout] 
[INFO] [stdout] error: cannot find attribute `async_xml` in this scope
[INFO] [stdout]   --> tests/discard.rs:74:3
[INFO] [stdout]    |
[INFO] [stdout] 74 | #[async_xml(allow_unknown_attributes)]
[INFO] [stdout]    |   ^^^^^^^^^
[INFO] [stdout]    |
[INFO] [stdout]    = note: `async_xml` is in scope, but it is a crate, not an attribute
[INFO] [stdout] 
[INFO] [stdout] 
[INFO] [stdout] error: cannot find attribute `async_xml` in this scope
[INFO] [stdout]   --> tests/discard.rs:76:7
[INFO] [stdout]    |
[INFO] [stdout] 76 |     #[async_xml(value)]
[INFO] [stdout]    |       ^^^^^^^^^
[INFO] [stdout]    |
[INFO] [stdout]    = note: `async_xml` is in scope, but it is a crate, not an attribute
[INFO] [stdout] 
[INFO] [stdout] 
[INFO] [stdout] error: cannot find attribute `async_xml` in this scope
[INFO] [stdout]   --> examples/newtype_int.rs:11:3
[INFO] [stdout]    |
[INFO] [stdout] 11 | #[async_xml(rename = "report")]
[INFO] [stdout]    |   ^^^^^^^^^
[INFO] [stdout]    |
[INFO] [stdout]    = note: `async_xml` is in scope, but it is a crate, not an attribute
[INFO] [stdout] 
[INFO] [stdout] 
[INFO] [stdout] error[E0277]: the trait bound `A: XmlFromStr` is not satisfied
[INFO] [stdout]   --> tests/private.rs:7:17
[INFO] [stdout]    |
[INFO] [stdout] 7  |     let de: A = from_str(xml).await.unwrap();
[INFO] [stdout]    |                 ^^^^^^^^ the trait `XmlFromStr` is not implemented for `A`
[INFO] [stdout]    |
[INFO] [stdout]    = help: the following other types implement trait `XmlFromStr`:
[INFO] [stdout]              &'static T
[INFO] [stdout]              &str
[INFO] [stdout]              String
[INFO] [stdout]              XmlVec<T>
[INFO] [stdout]              bool
[INFO] [stdout]              char
[INFO] [stdout]              i16
[INFO] [stdout]              i32
[INFO] [stdout]            and 7 others
[INFO] [stdout]    = note: required for `A` to implement `FromXml<&[u8]>`
[INFO] [stdout] note: required by a bound in `async_xml::from_str`
[INFO] [stdout]   --> /opt/rustwide/workdir/src/lib.rs:20:30
[INFO] [stdout]    |
[INFO] [stdout] 20 | pub async fn from_str<'r, T: reader::FromXml<&'r [u8]>>(str: &'r str) -> Result<T> {
[INFO] [stdout]    |                              ^^^^^^^^^^^^^^^^^^^^^^^^^ required by this bound in `from_str`
[INFO] [stdout] 
[INFO] [stdout] 
[INFO] [stdout] error[E0277]: the trait bound `A: FromStr` is not satisfied
[INFO] [stdout]   --> tests/private.rs:7:17
[INFO] [stdout]    |
[INFO] [stdout] 7  |     let de: A = from_str(xml).await.unwrap();
[INFO] [stdout]    |                 ^^^^^^^^ the trait `FromStr` is not implemented for `A`
[INFO] [stdout]    |
[INFO] [stdout]    = help: the following other types implement trait `FromStr`:
[INFO] [stdout]              IpAddr
[INFO] [stdout]              Ipv4Addr
[INFO] [stdout]              Ipv6Addr
[INFO] [stdout]              NonZeroI128
[INFO] [stdout]              NonZeroI16
[INFO] [stdout]              NonZeroI32
[INFO] [stdout]              NonZeroI64
[INFO] [stdout]              NonZeroI8
[INFO] [stdout]            and 32 others
[INFO] [stdout]    = note: required for `A` to implement `FromXml<&[u8]>`
[INFO] [stdout] note: required by a bound in `async_xml::from_str`
[INFO] [stdout]   --> /opt/rustwide/workdir/src/lib.rs:20:30
[INFO] [stdout]    |
[INFO] [stdout] 20 | pub async fn from_str<'r, T: reader::FromXml<&'r [u8]>>(str: &'r str) -> Result<T> {
[INFO] [stdout]    |                              ^^^^^^^^^^^^^^^^^^^^^^^^^ required by this bound in `from_str`
[INFO] [stdout] 
[INFO] [stdout] 
[INFO] [stdout] error: cannot find attribute `async_xml` in this scope
[INFO] [stdout]   --> examples/newtype_int.rs:13:7
[INFO] [stdout]    |
[INFO] [stdout] 13 |     #[async_xml(attribute)]
[INFO] [stdout]    |       ^^^^^^^^^
[INFO] [stdout]    |
[INFO] [stdout]    = note: `async_xml` is in scope, but it is a crate, not an attribute
[INFO] [stdout] 
[INFO] [stdout] 
[INFO] [stdout] error: cannot find attribute `async_xml` in this scope
[INFO] [stdout]   --> examples/flatten.rs:13:7
[INFO] [stdout]    |
[INFO] [stdout] 13 |     #[async_xml(attribute)]
[INFO] [stdout]    |       ^^^^^^^^^
[INFO] [stdout]    |
[INFO] [stdout]    = note: `async_xml` is in scope, but it is a crate, not an attribute
[INFO] [stdout] 
[INFO] [stdout] 
[INFO] [stdout] error: cannot determine resolution for the derive macro `FromXml`
[INFO] [stdout]   --> examples/newtype_int.rs:17:28
[INFO] [stdout]    |
[INFO] [stdout] 17 | #[derive(Debug, PartialEq, FromXml)]
[INFO] [stdout]    |                            ^^^^^^^
[INFO] [stdout]    |
[INFO] [stdout]    = note: import resolution is stuck, try simplifying macro imports
[INFO] [stdout] 
[INFO] [stdout] 
[INFO] [stdout] error: cannot determine resolution for the derive macro `FromXml`
[INFO] [stdout]   --> examples/flatten.rs:17:28
[INFO] [stdout]    |
[INFO] [stdout] 17 | #[derive(Debug, PartialEq, FromXml)]
[INFO] [stdout]    |                            ^^^^^^^
[INFO] [stdout]    |
[INFO] [stdout]    = note: import resolution is stuck, try simplifying macro imports
[INFO] [stdout] 
[INFO] [stdout] 
[INFO] [stdout] error[E0432]: unresolved import `async_xml_derive`
[INFO] [stdout]  --> tests/flatten_option.rs:2:5
[INFO] [stdout]   |
[INFO] [stdout] 2 | use async_xml_derive::FromXml;
[INFO] [stdout]   |     ^^^^^^^^^^^^^^^^ use of undeclared crate or module `async_xml_derive`
[INFO] [stdout] 
[INFO] [stdout] 
[INFO] [stdout] error[E0277]: the trait bound `Report: XmlFromStr` is not satisfied
[INFO] [stdout]   --> examples/report_option.rs:6:26
[INFO] [stdout]    |
[INFO] [stdout] 6  |     let report: Report = from_str(r#"<report id="b"><data>text</data></report>"#)
[INFO] [stdout]    |                          ^^^^^^^^ the trait `XmlFromStr` is not implemented for `Report`
[INFO] [stdout]    |
[INFO] [stdout]    = help: the following other types implement trait `XmlFromStr`:
[INFO] [stdout]              &'static T
[INFO] [stdout]              &str
[INFO] [stdout]              String
[INFO] [stdout]              XmlVec<T>
[INFO] [stdout]              bool
[INFO] [stdout]              char
[INFO] [stdout]              i16
[INFO] [stdout]              i32
[INFO] [stdout]            and 7 others
[INFO] [stdout]    = note: required for `Report` to implement `FromXml<&[u8]>`
[INFO] [stdout] note: required by a bound in `async_xml::from_str`
[INFO] [stdout]   --> /opt/rustwide/workdir/src/lib.rs:20:30
[INFO] [stdout]    |
[INFO] [stdout] 20 | pub async fn from_str<'r, T: reader::FromXml<&'r [u8]>>(str: &'r str) -> Result<T> {
[INFO] [stdout]    |                              ^^^^^^^^^^^^^^^^^^^^^^^^^ required by this bound in `from_str`
[INFO] [stdout] 
[INFO] [stdout] 
[INFO] [stdout] error[E0277]: the trait bound `DataTuple: XmlFromStr` is not satisfied
[INFO] [stdout]   --> examples/empty.rs:7:25
[INFO] [stdout]    |
[INFO] [stdout] 7  |     let de: DataTuple = from_str(xml).await.unwrap();
[INFO] [stdout]    |                         ^^^^^^^^ the trait `XmlFromStr` is not implemented for `DataTuple`
[INFO] [stdout]    |
[INFO] [stdout]    = help: the following other types implement trait `XmlFromStr`:
[INFO] [stdout]              &'static T
[INFO] [stdout]              &str
[INFO] [stdout]              String
[INFO] [stdout]              XmlVec<T>
[INFO] [stdout]              bool
[INFO] [stdout]              char
[INFO] [stdout]              i16
[INFO] [stdout]              i32
[INFO] [stdout]            and 7 others
[INFO] [stdout]    = note: required for `DataTuple` to implement `FromXml<&[u8]>`
[INFO] [stdout] note: required by a bound in `async_xml::from_str`
[INFO] [stdout]   --> /opt/rustwide/workdir/src/lib.rs:20:30
[INFO] [stdout]    |
[INFO] [stdout] 20 | pub async fn from_str<'r, T: reader::FromXml<&'r [u8]>>(str: &'r str) -> Result<T> {
[INFO] [stdout]    |                              ^^^^^^^^^^^^^^^^^^^^^^^^^ required by this bound in `from_str`
[INFO] [stdout] 
[INFO] [stdout] 
[INFO] [stdout] error: cannot determine resolution for the derive macro `FromXml`
[INFO] [stdout]   --> tests/flatten_option.rs:60:28
[INFO] [stdout]    |
[INFO] [stdout] 60 | #[derive(Debug, PartialEq, FromXml)]
[INFO] [stdout]    |                            ^^^^^^^
[INFO] [stdout]    |
[INFO] [stdout]    = note: import resolution is stuck, try simplifying macro imports
[INFO] [stdout] 
[INFO] [stdout] 
[INFO] [stdout] error: cannot find attribute `async_xml` in this scope
[INFO] [stdout]   --> examples/flatten.rs:19:7
[INFO] [stdout]    |
[INFO] [stdout] 19 |     #[async_xml(flatten)]
[INFO] [stdout]    |       ^^^^^^^^^
[INFO] [stdout]    |
[INFO] [stdout]    = note: `async_xml` is in scope, but it is a crate, not an attribute
[INFO] [stdout] 
[INFO] [stdout] 
[INFO] [stdout] error[E0277]: the trait bound `DataTuple: FromStr` is not satisfied
[INFO] [stdout]   --> examples/empty.rs:7:25
[INFO] [stdout]    |
[INFO] [stdout] 7  |     let de: DataTuple = from_str(xml).await.unwrap();
[INFO] [stdout]    |                         ^^^^^^^^ the trait `FromStr` is not implemented for `DataTuple`
[INFO] [stdout]    |
[INFO] [stdout]    = help: the following other types implement trait `FromStr`:
[INFO] [stdout]              IpAddr
[INFO] [stdout]              Ipv4Addr
[INFO] [stdout]              Ipv6Addr
[INFO] [stdout]              NonZeroI128
[INFO] [stdout]              NonZeroI16
[INFO] [stdout]              NonZeroI32
[INFO] [stdout]              NonZeroI64
[INFO] [stdout]              NonZeroI8
[INFO] [stdout]            and 32 others
[INFO] [stdout]    = note: required for `DataTuple` to implement `FromXml<&[u8]>`
[INFO] [stdout] note: required by a bound in `async_xml::from_str`
[INFO] [stdout]   --> /opt/rustwide/workdir/src/lib.rs:20:30
[INFO] [stdout]    |
[INFO] [stdout] 20 | pub async fn from_str<'r, T: reader::FromXml<&'r [u8]>>(str: &'r str) -> Result<T> {
[INFO] [stdout]    |                              ^^^^^^^^^^^^^^^^^^^^^^^^^ required by this bound in `from_str`
[INFO] [stdout] 
[INFO] [stdout] 
[INFO] [stdout] error[E0277]: the trait bound `Report: FromStr` is not satisfied
[INFO] [stdout]   --> examples/report_option.rs:6:26
[INFO] [stdout]    |
[INFO] [stdout] 6  |     let report: Report = from_str(r#"<report id="b"><data>text</data></report>"#)
[INFO] [stdout]    |                          ^^^^^^^^ the trait `FromStr` is not implemented for `Report`
[INFO] [stdout]    |
[INFO] [stdout]    = help: the following other types implement trait `FromStr`:
[INFO] [stdout]              IpAddr
[INFO] [stdout]              Ipv4Addr
[INFO] [stdout]              Ipv6Addr
[INFO] [stdout]              NonZeroI128
[INFO] [stdout]              NonZeroI16
[INFO] [stdout]              NonZeroI32
[INFO] [stdout]              NonZeroI64
[INFO] [stdout]              NonZeroI8
[INFO] [stdout]            and 32 others
[INFO] [stdout]    = note: required for `Report` to implement `FromXml<&[u8]>`
[INFO] [stdout] note: required by a bound in `async_xml::from_str`
[INFO] [stdout]   --> /opt/rustwide/workdir/src/lib.rs:20:30
[INFO] [stdout]    |
[INFO] [stdout] 20 | pub async fn from_str<'r, T: reader::FromXml<&'r [u8]>>(str: &'r str) -> Result<T> {
[INFO] [stdout]    |                              ^^^^^^^^^^^^^^^^^^^^^^^^^ required by this bound in `from_str`
[INFO] [stdout] 
[INFO] [stdout] 
[INFO] [stdout] error: cannot find attribute `async_xml` in this scope
[INFO] [stdout]   --> examples/flatten.rs:21:7
[INFO] [stdout]    |
[INFO] [stdout] 21 |     #[async_xml(child)]
[INFO] [stdout]    |       ^^^^^^^^^
[INFO] [stdout]    |
[INFO] [stdout]    = note: `async_xml` is in scope, but it is a crate, not an attribute
[INFO] [stdout] 
[INFO] [stdout] 
[INFO] [stdout] error[E0432]: unresolved import `async_xml_derive`
[INFO] [stdout]  --> tests/newtype.rs:2:5
[INFO] [stdout]   |
[INFO] [stdout] 2 | use async_xml_derive::FromXml;
[INFO] [stdout]   |     ^^^^^^^^^^^^^^^^ use of undeclared crate or module `async_xml_derive`
[INFO] [stdout] 
[INFO] [stdout] 
[INFO] [stdout] error[E0277]: the trait bound `Report: XmlFromStr` is not satisfied
[INFO] [stdout]   --> examples/newtype.rs:6:26
[INFO] [stdout]    |
[INFO] [stdout] 6  |     let report: Report = from_str(r#"<report id="b"><data>text</data></report>"#)
[INFO] [stdout]    |                          ^^^^^^^^ the trait `XmlFromStr` is not implemented for `Report`
[INFO] [stdout]    |
[INFO] [stdout]    = help: the following other types implement trait `XmlFromStr`:
[INFO] [stdout]              &'static T
[INFO] [stdout]              &str
[INFO] [stdout]              String
[INFO] [stdout]              XmlVec<T>
[INFO] [stdout]              bool
[INFO] [stdout]              char
[INFO] [stdout]              i16
[INFO] [stdout]              i32
[INFO] [stdout]            and 7 others
[INFO] [stdout]    = note: required for `Report` to implement `FromXml<&[u8]>`
[INFO] [stdout] note: required by a bound in `async_xml::from_str`
[INFO] [stdout]   --> /opt/rustwide/workdir/src/lib.rs:20:30
[INFO] [stdout]    |
[INFO] [stdout] 20 | pub async fn from_str<'r, T: reader::FromXml<&'r [u8]>>(str: &'r str) -> Result<T> {
[INFO] [stdout]    |                              ^^^^^^^^^^^^^^^^^^^^^^^^^ required by this bound in `from_str`
[INFO] [stdout] 
[INFO] [stdout] 
[INFO] [stdout] error[E0277]: the trait bound `Test: XmlFromStr` is not satisfied
[INFO] [stdout]   --> tests/store_any.rs:19:20
[INFO] [stdout]    |
[INFO] [stdout] 19 |     let de: Test = from_str(xml).await.unwrap();
[INFO] [stdout]    |                    ^^^^^^^^ the trait `XmlFromStr` is not implemented for `Test`
[INFO] [stdout]    |
[INFO] [stdout]    = help: the following other types implement trait `XmlFromStr`:
[INFO] [stdout]              &'static T
[INFO] [stdout]              &str
[INFO] [stdout]              String
[INFO] [stdout]              XmlVec<T>
[INFO] [stdout]              bool
[INFO] [stdout]              char
[INFO] [stdout]              i16
[INFO] [stdout]              i32
[INFO] [stdout]            and 7 others
[INFO] [stdout]    = note: required for `Test` to implement `FromXml<&[u8]>`
[INFO] [stdout] note: required by a bound in `async_xml::from_str`
[INFO] [stdout]   --> /opt/rustwide/workdir/src/lib.rs:20:30
[INFO] [stdout]    |
[INFO] [stdout] 20 | pub async fn from_str<'r, T: reader::FromXml<&'r [u8]>>(str: &'r str) -> Result<T> {
[INFO] [stdout]    |                              ^^^^^^^^^^^^^^^^^^^^^^^^^ required by this bound in `from_str`
[INFO] [stdout] 
[INFO] [stdout] 
[INFO] [stdout] error: cannot determine resolution for the derive macro `FromXml`
[INFO] [stdout]   --> examples/flatten.rs:25:28
[INFO] [stdout]    |
[INFO] [stdout] 25 | #[derive(Debug, PartialEq, FromXml)]
[INFO] [stdout]    |                            ^^^^^^^
[INFO] [stdout]    |
[INFO] [stdout]    = note: import resolution is stuck, try simplifying macro imports
[INFO] [stdout] 
[INFO] [stdout] 
[INFO] [stdout] error: cannot determine resolution for the derive macro `FromXml`
[INFO] [stdout]   --> tests/newtype.rs:15:28
[INFO] [stdout]    |
[INFO] [stdout] 15 | #[derive(Debug, PartialEq, FromXml)]
[INFO] [stdout]    |                            ^^^^^^^
[INFO] [stdout]    |
[INFO] [stdout]    = note: import resolution is stuck, try simplifying macro imports
[INFO] [stdout] 
[INFO] [stdout] 
[INFO] [stdout] error: aborting due to 4 previous errors
[INFO] [stdout] 
[INFO] [stdout] 
[INFO] [stdout] error[E0277]: the trait bound `Report: FromStr` is not satisfied
[INFO] [stdout]   --> examples/newtype.rs:6:26
[INFO] [stdout]    |
[INFO] [stdout] 6  |     let report: Report = from_str(r#"<report id="b"><data>text</data></report>"#)
[INFO] [stdout]    |                          ^^^^^^^^ the trait `FromStr` is not implemented for `Report`
[INFO] [stdout]    |
[INFO] [stdout]    = help: the following other types implement trait `FromStr`:
[INFO] [stdout]              IpAddr
[INFO] [stdout]              Ipv4Addr
[INFO] [stdout]              Ipv6Addr
[INFO] [stdout]              NonZeroI128
[INFO] [stdout]              NonZeroI16
[INFO] [stdout]              NonZeroI32
[INFO] [stdout]              NonZeroI64
[INFO] [stdout]              NonZeroI8
[INFO] [stdout]            and 32 others
[INFO] [stdout]    = note: required for `Report` to implement `FromXml<&[u8]>`
[INFO] [stdout] note: required by a bound in `async_xml::from_str`
[INFO] [stdout]   --> /opt/rustwide/workdir/src/lib.rs:20:30
[INFO] [stdout]    |
[INFO] [stdout] 20 | pub async fn from_str<'r, T: reader::FromXml<&'r [u8]>>(str: &'r str) -> Result<T> {
[INFO] [stdout]    |                              ^^^^^^^^^^^^^^^^^^^^^^^^^ required by this bound in `from_str`
[INFO] [stdout] 
[INFO] [stdout] 
[INFO] [stdout] error[E0277]: the trait bound `Test: FromStr` is not satisfied
[INFO] [stdout]   --> tests/store_any.rs:19:20
[INFO] [stdout]    |
[INFO] [stdout] 19 |     let de: Test = from_str(xml).await.unwrap();
[INFO] [stdout]    |                    ^^^^^^^^ the trait `FromStr` is not implemented for `Test`
[INFO] [stdout]    |
[INFO] [stdout]    = help: the following other types implement trait `FromStr`:
[INFO] [stdout]              IpAddr
[INFO] [stdout]              Ipv4Addr
[INFO] [stdout]              Ipv6Addr
[INFO] [stdout]              NonZeroI128
[INFO] [stdout]              NonZeroI16
[INFO] [stdout]              NonZeroI32
[INFO] [stdout]              NonZeroI64
[INFO] [stdout]              NonZeroI8
[INFO] [stdout]            and 32 others
[INFO] [stdout]    = note: required for `Test` to implement `FromXml<&[u8]>`
[INFO] [stdout] note: required by a bound in `async_xml::from_str`
[INFO] [stdout]   --> /opt/rustwide/workdir/src/lib.rs:20:30
[INFO] [stdout]    |
[INFO] [stdout] 20 | pub async fn from_str<'r, T: reader::FromXml<&'r [u8]>>(str: &'r str) -> Result<T> {
[INFO] [stdout]    |                              ^^^^^^^^^^^^^^^^^^^^^^^^^ required by this bound in `from_str`
[INFO] [stdout] 
[INFO] [stdout] 
[INFO] [stdout] Some errors have detailed explanations: E0277, E0432.
[INFO] [stdout] 
[INFO] [stdout] For more information about an error, try `rustc --explain E0277`.
[INFO] [stdout] 
[INFO] [stdout] error: cannot find attribute `async_xml` in this scope
[INFO] [stdout]   --> examples/flatten.rs:27:7
[INFO] [stdout]    |
[INFO] [stdout] 27 |     #[async_xml(value)]
[INFO] [stdout]    |       ^^^^^^^^^
[INFO] [stdout]    |
[INFO] [stdout]    = note: `async_xml` is in scope, but it is a crate, not an attribute
[INFO] [stdout] 
[INFO] [stdout] 
[INFO] [stdout] error: aborting due to 6 previous errors
[INFO] [stdout] 
[INFO] [stdout] 
[INFO] [stdout] error: aborting due to 10 previous errors
[INFO] [stdout] 
[INFO] [stdout] 
[INFO] [stdout] Some errors have detailed explanations: E0277, E0432.
[INFO] [stdout] 
[INFO] [stdout] Some errors have detailed explanations: E0277, E0432.
[INFO] [stdout] 
[INFO] [stdout] For more information about an error, try `rustc --explain E0277`.
[INFO] [stdout] 
[INFO] [stdout] For more information about an error, try `rustc --explain E0277`.
[INFO] [stdout] 
[INFO] [stdout] error[E0277]: the trait bound `Report: XmlFromStr` is not satisfied
[INFO] [stdout]   --> tests/xml_vec.rs:7:22
[INFO] [stdout]    |
[INFO] [stdout] 7  |     let de: Report = from_str(xml).await.unwrap();
[INFO] [stdout]    |                      ^^^^^^^^ the trait `XmlFromStr` is not implemented for `Report`
[INFO] [stdout]    |
[INFO] [stdout]    = help: the following other types implement trait `XmlFromStr`:
[INFO] [stdout]              &'static T
[INFO] [stdout]              &str
[INFO] [stdout]              String
[INFO] [stdout]              XmlVec<T>
[INFO] [stdout]              bool
[INFO] [stdout]              char
[INFO] [stdout]              i16
[INFO] [stdout]              i32
[INFO] [stdout]            and 7 others
[INFO] [stdout]    = note: required for `Report` to implement `FromXml<&[u8]>`
[INFO] [stdout] note: required by a bound in `async_xml::from_str`
[INFO] [stdout]   --> /opt/rustwide/workdir/src/lib.rs:20:30
[INFO] [stdout]    |
[INFO] [stdout] 20 | pub async fn from_str<'r, T: reader::FromXml<&'r [u8]>>(str: &'r str) -> Result<T> {
[INFO] [stdout]    |                              ^^^^^^^^^^^^^^^^^^^^^^^^^ required by this bound in `from_str`
[INFO] [stdout] 
[INFO] [stdout] 
[INFO] [stdout] error[E0277]: the trait bound `Report: FromStr` is not satisfied
[INFO] [stdout]   --> tests/xml_vec.rs:7:22
[INFO] [stdout]    |
[INFO] [stdout] 7  |     let de: Report = from_str(xml).await.unwrap();
[INFO] [stdout]    |                      ^^^^^^^^ the trait `FromStr` is not implemented for `Report`
[INFO] [stdout]    |
[INFO] [stdout]    = help: the following other types implement trait `FromStr`:
[INFO] [stdout]              IpAddr
[INFO] [stdout]              Ipv4Addr
[INFO] [stdout]              Ipv6Addr
[INFO] [stdout]              NonZeroI128
[INFO] [stdout]              NonZeroI16
[INFO] [stdout]              NonZeroI32
[INFO] [stdout]              NonZeroI64
[INFO] [stdout]              NonZeroI8
[INFO] [stdout]            and 32 others
[INFO] [stdout]    = note: required for `Report` to implement `FromXml<&[u8]>`
[INFO] [stdout] note: required by a bound in `async_xml::from_str`
[INFO] [stdout]   --> /opt/rustwide/workdir/src/lib.rs:20:30
[INFO] [stdout]    |
[INFO] [stdout] 20 | pub async fn from_str<'r, T: reader::FromXml<&'r [u8]>>(str: &'r str) -> Result<T> {
[INFO] [stdout]    |                              ^^^^^^^^^^^^^^^^^^^^^^^^^ required by this bound in `from_str`
[INFO] [stdout] 
[INFO] [stdout] 
[INFO] [stderr] error: could not compile `async-xml` (test "private") due to 5 previous errors
[INFO] [stderr] warning: build failed, waiting for other jobs to finish...
[INFO] [stdout] error: aborting due to 9 previous errors
[INFO] [stdout] 
[INFO] [stdout] 
[INFO] [stdout] Some errors have detailed explanations: E0277, E0432.
[INFO] [stdout] 
[INFO] [stdout] For more information about an error, try `rustc --explain E0277`.
[INFO] [stdout] 
[INFO] [stdout] error[E0277]: the trait bound `Response: XmlFromStr` is not satisfied
[INFO] [stdout]   --> tests/flatten.rs:7:24
[INFO] [stdout]    |
[INFO] [stdout] 7  |     let de: Response = from_str(xml).await.unwrap();
[INFO] [stdout]    |                        ^^^^^^^^ the trait `XmlFromStr` is not implemented for `Response`
[INFO] [stdout]    |
[INFO] [stdout]    = help: the following other types implement trait `XmlFromStr`:
[INFO] [stdout]              &'static T
[INFO] [stdout]              &str
[INFO] [stdout]              String
[INFO] [stdout]              XmlVec<T>
[INFO] [stdout]              bool
[INFO] [stdout]              char
[INFO] [stdout]              i16
[INFO] [stdout]              i32
[INFO] [stdout]            and 7 others
[INFO] [stdout]    = note: required for `Response` to implement `FromXml<&[u8]>`
[INFO] [stdout] note: required by a bound in `async_xml::from_str`
[INFO] [stdout]   --> /opt/rustwide/workdir/src/lib.rs:20:30
[INFO] [stdout]    |
[INFO] [stdout] 20 | pub async fn from_str<'r, T: reader::FromXml<&'r [u8]>>(str: &'r str) -> Result<T> {
[INFO] [stdout]    |                              ^^^^^^^^^^^^^^^^^^^^^^^^^ required by this bound in `from_str`
[INFO] [stdout] 
[INFO] [stdout] 
[INFO] [stdout] error: aborting due to 7 previous errors
[INFO] [stdout] 
[INFO] [stdout] 
[INFO] [stdout] Some errors have detailed explanations: E0277, E0432.
[INFO] [stdout] 
[INFO] [stdout] For more information about an error, try `rustc --explain E0277`.
[INFO] [stdout] 
[INFO] [stderr] error: could not compile `async-xml` (example "empty") due to 7 previous errors
[INFO] [stderr] error: could not compile `async-xml` (example "report_option") due to 11 previous errors
[INFO] [stdout] error[E0277]: the trait bound `Response: FromStr` is not satisfied
[INFO] [stdout]   --> tests/flatten.rs:7:24
[INFO] [stdout]    |
[INFO] [stdout] 7  |     let de: Response = from_str(xml).await.unwrap();
[INFO] [stdout]    |                        ^^^^^^^^ the trait `FromStr` is not implemented for `Response`
[INFO] [stdout]    |
[INFO] [stdout]    = help: the following other types implement trait `FromStr`:
[INFO] [stdout]              IpAddr
[INFO] [stdout]              Ipv4Addr
[INFO] [stdout]              Ipv6Addr
[INFO] [stdout]              NonZeroI128
[INFO] [stdout]              NonZeroI16
[INFO] [stdout]              NonZeroI32
[INFO] [stdout]              NonZeroI64
[INFO] [stdout]              NonZeroI8
[INFO] [stdout]            and 32 others
[INFO] [stdout]    = note: required for `Response` to implement `FromXml<&[u8]>`
[INFO] [stdout] note: required by a bound in `async_xml::from_str`
[INFO] [stdout]   --> /opt/rustwide/workdir/src/lib.rs:20:30
[INFO] [stdout]    |
[INFO] [stdout] 20 | pub async fn from_str<'r, T: reader::FromXml<&'r [u8]>>(str: &'r str) -> Result<T> {
[INFO] [stdout]    |                              ^^^^^^^^^^^^^^^^^^^^^^^^^ required by this bound in `from_str`
[INFO] [stdout] 
[INFO] [stdout] 
[INFO] [stdout] error[E0277]: the trait bound `Report: XmlFromStr` is not satisfied
[INFO] [stdout]   --> tests/xml_vec_derive.rs:7:22
[INFO] [stdout]    |
[INFO] [stdout] 7  |     let de: Report = from_str(xml).await.unwrap();
[INFO] [stdout]    |                      ^^^^^^^^ the trait `XmlFromStr` is not implemented for `Report`
[INFO] [stdout]    |
[INFO] [stdout]    = help: the following other types implement trait `XmlFromStr`:
[INFO] [stdout]              &'static T
[INFO] [stdout]              &str
[INFO] [stdout]              String
[INFO] [stdout]              XmlVec<T>
[INFO] [stdout]              bool
[INFO] [stdout]              char
[INFO] [stdout]              i16
[INFO] [stdout]              i32
[INFO] [stdout]            and 7 others
[INFO] [stdout]    = note: required for `Report` to implement `FromXml<&[u8]>`
[INFO] [stdout] note: required by a bound in `async_xml::from_str`
[INFO] [stdout]   --> /opt/rustwide/workdir/src/lib.rs:20:30
[INFO] [stdout]    |
[INFO] [stdout] 20 | pub async fn from_str<'r, T: reader::FromXml<&'r [u8]>>(str: &'r str) -> Result<T> {
[INFO] [stdout]    |                              ^^^^^^^^^^^^^^^^^^^^^^^^^ required by this bound in `from_str`
[INFO] [stdout] 
[INFO] [stdout] 
[INFO] [stdout] error[E0277]: the trait bound `Report: FromStr` is not satisfied
[INFO] [stdout]   --> tests/xml_vec_derive.rs:7:22
[INFO] [stdout]    |
[INFO] [stdout] 7  |     let de: Report = from_str(xml).await.unwrap();
[INFO] [stdout]    |                      ^^^^^^^^ the trait `FromStr` is not implemented for `Report`
[INFO] [stdout]    |
[INFO] [stdout]    = help: the following other types implement trait `FromStr`:
[INFO] [stdout]              IpAddr
[INFO] [stdout]              Ipv4Addr
[INFO] [stdout]              Ipv6Addr
[INFO] [stdout]              NonZeroI128
[INFO] [stdout]              NonZeroI16
[INFO] [stdout]              NonZeroI32
[INFO] [stdout]              NonZeroI64
[INFO] [stdout]              NonZeroI8
[INFO] [stdout]            and 32 others
[INFO] [stdout]    = note: required for `Report` to implement `FromXml<&[u8]>`
[INFO] [stdout] note: required by a bound in `async_xml::from_str`
[INFO] [stdout]   --> /opt/rustwide/workdir/src/lib.rs:20:30
[INFO] [stdout]    |
[INFO] [stdout] 20 | pub async fn from_str<'r, T: reader::FromXml<&'r [u8]>>(str: &'r str) -> Result<T> {
[INFO] [stdout]    |                              ^^^^^^^^^^^^^^^^^^^^^^^^^ required by this bound in `from_str`
[INFO] [stdout] 
[INFO] [stdout] 
[INFO] [stdout] error[E0277]: the trait bound `Report: XmlFromStr` is not satisfied
[INFO] [stdout]   --> tests/report_option.rs:7:22
[INFO] [stdout]    |
[INFO] [stdout] 7  |     let de: Report = from_str(xml).await.unwrap();
[INFO] [stdout]    |                      ^^^^^^^^ the trait `XmlFromStr` is not implemented for `Report`
[INFO] [stdout]    |
[INFO] [stdout]    = help: the following other types implement trait `XmlFromStr`:
[INFO] [stdout]              &'static T
[INFO] [stdout]              &str
[INFO] [stdout]              String
[INFO] [stdout]              XmlVec<T>
[INFO] [stdout]              bool
[INFO] [stdout]              char
[INFO] [stdout]              i16
[INFO] [stdout]              i32
[INFO] [stdout]            and 7 others
[INFO] [stdout]    = note: required for `Report` to implement `FromXml<&[u8]>`
[INFO] [stdout] note: required by a bound in `async_xml::from_str`
[INFO] [stdout]   --> /opt/rustwide/workdir/src/lib.rs:20:30
[INFO] [stdout]    |
[INFO] [stdout] 20 | pub async fn from_str<'r, T: reader::FromXml<&'r [u8]>>(str: &'r str) -> Result<T> {
[INFO] [stdout]    |                              ^^^^^^^^^^^^^^^^^^^^^^^^^ required by this bound in `from_str`
[INFO] [stdout] 
[INFO] [stdout] 
[INFO] [stderr] error: could not compile `async-xml` (example "newtype") due to 10 previous errors
[INFO] [stdout] error[E0277]: the trait bound `Report: FromStr` is not satisfied
[INFO] [stdout]   --> tests/report_option.rs:7:22
[INFO] [stdout]    |
[INFO] [stdout] 7  |     let de: Report = from_str(xml).await.unwrap();
[INFO] [stdout]    |                      ^^^^^^^^ the trait `FromStr` is not implemented for `Report`
[INFO] [stdout]    |
[INFO] [stdout]    = help: the following other types implement trait `FromStr`:
[INFO] [stdout]              IpAddr
[INFO] [stdout]              Ipv4Addr
[INFO] [stdout]              Ipv6Addr
[INFO] [stdout]              NonZeroI128
[INFO] [stdout]              NonZeroI16
[INFO] [stdout]              NonZeroI32
[INFO] [stdout]              NonZeroI64
[INFO] [stdout]              NonZeroI8
[INFO] [stdout]            and 32 others
[INFO] [stdout]    = note: required for `Report` to implement `FromXml<&[u8]>`
[INFO] [stdout] note: required by a bound in `async_xml::from_str`
[INFO] [stdout]   --> /opt/rustwide/workdir/src/lib.rs:20:30
[INFO] [stdout]    |
[INFO] [stdout] 20 | pub async fn from_str<'r, T: reader::FromXml<&'r [u8]>>(str: &'r str) -> Result<T> {
[INFO] [stdout]    |                              ^^^^^^^^^^^^^^^^^^^^^^^^^ required by this bound in `from_str`
[INFO] [stdout] 
[INFO] [stdout] 
[INFO] [stdout] error: aborting due to 6 previous errors
[INFO] [stdout] 
[INFO] [stdout] 
[INFO] [stdout] Some errors have detailed explanations: E0277, E0432.
[INFO] [stdout] 
[INFO] [stdout] error[E0277]: the trait bound `TestChildren: XmlFromStr` is not satisfied
[INFO] [stdout]   --> tests/discard.rs:15:28
[INFO] [stdout]    |
[INFO] [stdout] 15 |     let de: TestChildren = from_str(xml).await.unwrap();
[INFO] [stdout]    |                            ^^^^^^^^ the trait `XmlFromStr` is not implemented for `TestChildren`
[INFO] [stdout]    |
[INFO] [stdout]    = help: the following other types implement trait `XmlFromStr`:
[INFO] [stdout]              &'static T
[INFO] [stdout]              &str
[INFO] [stdout]              String
[INFO] [stdout]              XmlVec<T>
[INFO] [stdout]              bool
[INFO] [stdout]              char
[INFO] [stdout]              i16
[INFO] [stdout]              i32
[INFO] [stdout]            and 7 others
[INFO] [stdout]    = note: required for `TestChildren` to implement `FromXml<&[u8]>`
[INFO] [stdout] note: required by a bound in `async_xml::from_str`
[INFO] [stdout]   --> /opt/rustwide/workdir/src/lib.rs:20:30
[INFO] [stdout]    |
[INFO] [stdout] 20 | pub async fn from_str<'r, T: reader::FromXml<&'r [u8]>>(str: &'r str) -> Result<T> {
[INFO] [stdout]    |                              ^^^^^^^^^^^^^^^^^^^^^^^^^ required by this bound in `from_str`
[INFO] [stdout] 
[INFO] [stdout] 
[INFO] [stderr] error: could not compile `async-xml` (test "store_any") due to 8 previous errors
[INFO] [stdout] For more information about an error, try `rustc --explain E0277`.
[INFO] [stdout] 
[INFO] [stdout] error[E0277]: the trait bound `TestChildren: FromStr` is not satisfied
[INFO] [stdout]   --> tests/discard.rs:15:28
[INFO] [stdout]    |
[INFO] [stdout] 15 |     let de: TestChildren = from_str(xml).await.unwrap();
[INFO] [stdout]    |                            ^^^^^^^^ the trait `FromStr` is not implemented for `TestChildren`
[INFO] [stdout]    |
[INFO] [stdout]    = help: the following other types implement trait `FromStr`:
[INFO] [stdout]              IpAddr
[INFO] [stdout]              Ipv4Addr
[INFO] [stdout]              Ipv6Addr
[INFO] [stdout]              NonZeroI128
[INFO] [stdout]              NonZeroI16
[INFO] [stdout]              NonZeroI32
[INFO] [stdout]              NonZeroI64
[INFO] [stdout]              NonZeroI8
[INFO] [stdout]            and 32 others
[INFO] [stdout]    = note: required for `TestChildren` to implement `FromXml<&[u8]>`
[INFO] [stdout] note: required by a bound in `async_xml::from_str`
[INFO] [stdout]   --> /opt/rustwide/workdir/src/lib.rs:20:30
[INFO] [stdout]    |
[INFO] [stdout] 20 | pub async fn from_str<'r, T: reader::FromXml<&'r [u8]>>(str: &'r str) -> Result<T> {
[INFO] [stdout]    |                              ^^^^^^^^^^^^^^^^^^^^^^^^^ required by this bound in `from_str`
[INFO] [stdout] 
[INFO] [stdout] 
[INFO] [stdout] error: aborting due to 10 previous errors
[INFO] [stdout] 
[INFO] [stdout] 
[INFO] [stdout] error: cannot find attribute `async_xml` in this scope
[INFO] [stdout]   --> tests/flatten_option.rs:62:7
[INFO] [stdout]    |
[INFO] [stdout] 62 |     #[async_xml(attribute)]
[INFO] [stdout]    |       ^^^^^^^^^
[INFO] [stdout]    |
[INFO] [stdout]    = note: `async_xml` is in scope, but it is a crate, not an attribute
[INFO] [stdout] 
[INFO] [stdout] 
[INFO] [stdout] error[E0277]: the trait bound `Report: XmlFromStr` is not satisfied
[INFO] [stdout]   --> tests/report_option.rs:20:22
[INFO] [stdout]    |
[INFO] [stdout] 20 |     let de: Report = from_str(xml).await.unwrap();
[INFO] [stdout]    |                      ^^^^^^^^ the trait `XmlFromStr` is not implemented for `Report`
[INFO] [stdout]    |
[INFO] [stdout]    = help: the following other types implement trait `XmlFromStr`:
[INFO] [stdout]              &'static T
[INFO] [stdout]              &str
[INFO] [stdout]              String
[INFO] [stdout]              XmlVec<T>
[INFO] [stdout]              bool
[INFO] [stdout]              char
[INFO] [stdout]              i16
[INFO] [stdout]              i32
[INFO] [stdout]            and 7 others
[INFO] [stdout]    = note: required for `Report` to implement `FromXml<&[u8]>`
[INFO] [stdout] note: required by a bound in `async_xml::from_str`
[INFO] [stdout]   --> /opt/rustwide/workdir/src/lib.rs:20:30
[INFO] [stdout]    |
[INFO] [stdout] 20 | pub async fn from_str<'r, T: reader::FromXml<&'r [u8]>>(str: &'r str) -> Result<T> {
[INFO] [stdout]    |                              ^^^^^^^^^^^^^^^^^^^^^^^^^ required by this bound in `from_str`
[INFO] [stdout] 
[INFO] [stdout] 
[INFO] [stdout] Some errors have detailed explanations: E0277, E0432.
[INFO] [stdout] 
[INFO] [stdout] error: aborting due to 6 previous errors
[INFO] [stdout] 
[INFO] [stdout] 
[INFO] [stdout] error[E0432]: unresolved import `async_xml_derive`
[INFO] [stdout]  --> examples/newtype_custom.rs:4:5
[INFO] [stdout]   |
[INFO] [stdout] 4 | use async_xml_derive::FromXml;
[INFO] [stdout]   |     ^^^^^^^^^^^^^^^^ use of undeclared crate or module `async_xml_derive`
[INFO] [stdout] 
[INFO] [stdout] 
[INFO] [stdout] For more information about an error, try `rustc --explain E0277`.
[INFO] [stdout] 
[INFO] [stdout] Some errors have detailed explanations: E0277, E0432.
[INFO] [stdout] 
[INFO] [stdout] For more information about an error, try `rustc --explain E0277`.
[INFO] [stdout] 
[INFO] [stdout] error: cannot determine resolution for the derive macro `FromXml`
[INFO] [stdout]   --> examples/newtype_custom.rs:12:28
[INFO] [stdout]    |
[INFO] [stdout] 12 | #[derive(Debug, PartialEq, FromXml)]
[INFO] [stdout]    |                            ^^^^^^^
[INFO] [stdout]    |
[INFO] [stdout]    = note: import resolution is stuck, try simplifying macro imports
[INFO] [stdout] 
[INFO] [stdout] 
[INFO] [stdout] error[E0277]: the trait bound `Report: FromStr` is not satisfied
[INFO] [stdout]   --> tests/report_option.rs:20:22
[INFO] [stdout]    |
[INFO] [stdout] 20 |     let de: Report = from_str(xml).await.unwrap();
[INFO] [stdout]    |                      ^^^^^^^^ the trait `FromStr` is not implemented for `Report`
[INFO] [stdout]    |
[INFO] [stdout]    = help: the following other types implement trait `FromStr`:
[INFO] [stdout]              IpAddr
[INFO] [stdout]              Ipv4Addr
[INFO] [stdout]              Ipv6Addr
[INFO] [stdout]              NonZeroI128
[INFO] [stdout]              NonZeroI16
[INFO] [stdout]              NonZeroI32
[INFO] [stdout]              NonZeroI64
[INFO] [stdout]              NonZeroI8
[INFO] [stdout]            and 32 others
[INFO] [stdout]    = note: required for `Report` to implement `FromXml<&[u8]>`
[INFO] [stdout] note: required by a bound in `async_xml::from_str`
[INFO] [stdout]   --> /opt/rustwide/workdir/src/lib.rs:20:30
[INFO] [stdout]    |
[INFO] [stdout] 20 | pub async fn from_str<'r, T: reader::FromXml<&'r [u8]>>(str: &'r str) -> Result<T> {
[INFO] [stdout]    |                              ^^^^^^^^^^^^^^^^^^^^^^^^^ required by this bound in `from_str`
[INFO] [stdout] 
[INFO] [stdout] 
[INFO] [stdout] error: cannot find attribute `async_xml` in this scope
[INFO] [stdout]   --> tests/flatten_option.rs:64:7
[INFO] [stdout]    |
[INFO] [stdout] 64 |     #[async_xml(child)]
[INFO] [stdout]    |       ^^^^^^^^^
[INFO] [stdout]    |
[INFO] [stdout]    = note: `async_xml` is in scope, but it is a crate, not an attribute
[INFO] [stdout] 
[INFO] [stdout] 
[INFO] [stdout] error: cannot determine resolution for the derive macro `FromXml`
[INFO] [stdout]   --> tests/flatten_option.rs:68:28
[INFO] [stdout]    |
[INFO] [stdout] 68 | #[derive(Debug, PartialEq, FromXml)]
[INFO] [stdout]    |                            ^^^^^^^
[INFO] [stdout]    |
[INFO] [stdout]    = note: import resolution is stuck, try simplifying macro imports
[INFO] [stdout] 
[INFO] [stdout] 
[INFO] [stdout] error: cannot find attribute `async_xml` in this scope
[INFO] [stdout]   --> tests/newtype.rs:16:3
[INFO] [stdout]    |
[INFO] [stdout] 16 | #[async_xml(rename = "report")]
[INFO] [stdout]    |   ^^^^^^^^^
[INFO] [stdout]    |
[INFO] [stdout]    = note: `async_xml` is in scope, but it is a crate, not an attribute
[INFO] [stdout] 
[INFO] [stdout] 
[INFO] [stderr] error: could not compile `async-xml` (test "xml_vec") due to 7 previous errors
[INFO] [stdout] error: cannot find attribute `async_xml` in this scope
[INFO] [stdout]   --> tests/flatten_option.rs:70:7
[INFO] [stdout]    |
[INFO] [stdout] 70 |     #[async_xml(flatten)]
[INFO] [stdout]    |       ^^^^^^^^^
[INFO] [stdout]    |
[INFO] [stdout]    = note: `async_xml` is in scope, but it is a crate, not an attribute
[INFO] [stdout] 
[INFO] [stdout] 
[INFO] [stdout] error[E0277]: the trait bound `Test: XmlFromStr` is not satisfied
[INFO] [stdout]   --> tests/discard.rs:34:19
[INFO] [stdout]    |
[INFO] [stdout] 34 |     let _: Test = from_str(xml).await.unwrap();
[INFO] [stdout]    |                   ^^^^^^^^ the trait `XmlFromStr` is not implemented for `Test`
[INFO] [stdout]    |
[INFO] [stdout]    = help: the following other types implement trait `XmlFromStr`:
[INFO] [stdout]              &'static T
[INFO] [stdout]              &str
[INFO] [stdout]              String
[INFO] [stdout]              XmlVec<T>
[INFO] [stdout]              bool
[INFO] [stdout]              char
[INFO] [stdout]              i16
[INFO] [stdout]              i32
[INFO] [stdout]            and 7 others
[INFO] [stdout]    = note: required for `Test` to implement `FromXml<&[u8]>`
[INFO] [stdout] note: required by a bound in `async_xml::from_str`
[INFO] [stdout]   --> /opt/rustwide/workdir/src/lib.rs:20:30
[INFO] [stdout]    |
[INFO] [stdout] 20 | pub async fn from_str<'r, T: reader::FromXml<&'r [u8]>>(str: &'r str) -> Result<T> {
[INFO] [stdout]    |                              ^^^^^^^^^^^^^^^^^^^^^^^^^ required by this bound in `from_str`
[INFO] [stdout] 
[INFO] [stdout] 
[INFO] [stdout] error[E0277]: the trait bound `Report: XmlFromStr` is not satisfied
[INFO] [stdout]   --> tests/report_option.rs:31:22
[INFO] [stdout]    |
[INFO] [stdout] 31 |     let de: Report = from_str(xml).await.unwrap();
[INFO] [stdout]    |                      ^^^^^^^^ the trait `XmlFromStr` is not implemented for `Report`
[INFO] [stdout]    |
[INFO] [stdout]    = help: the following other types implement trait `XmlFromStr`:
[INFO] [stdout]              &'static T
[INFO] [stdout]              &str
[INFO] [stdout]              String
[INFO] [stdout]              XmlVec<T>
[INFO] [stdout]              bool
[INFO] [stdout]              char
[INFO] [stdout]              i16
[INFO] [stdout]              i32
[INFO] [stdout]            and 7 others
[INFO] [stdout]    = note: required for `Report` to implement `FromXml<&[u8]>`
[INFO] [stdout] note: required by a bound in `async_xml::from_str`
[INFO] [stdout]   --> /opt/rustwide/workdir/src/lib.rs:20:30
[INFO] [stdout]    |
[INFO] [stdout] 20 | pub async fn from_str<'r, T: reader::FromXml<&'r [u8]>>(str: &'r str) -> Result<T> {
[INFO] [stdout]    |                              ^^^^^^^^^^^^^^^^^^^^^^^^^ required by this bound in `from_str`
[INFO] [stdout] 
[INFO] [stdout] 
[INFO] [stdout] error: cannot find attribute `async_xml` in this scope
[INFO] [stdout]   --> tests/flatten_option.rs:72:7
[INFO] [stdout]    |
[INFO] [stdout] 72 |     #[async_xml(child)]
[INFO] [stdout]    |       ^^^^^^^^^
[INFO] [stdout]    |
[INFO] [stdout]    = note: `async_xml` is in scope, but it is a crate, not an attribute
[INFO] [stdout] 
[INFO] [stdout] 
[INFO] [stdout] error: cannot determine resolution for the derive macro `FromXml`
[INFO] [stdout]   --> tests/flatten_option.rs:76:28
[INFO] [stdout]    |
[INFO] [stdout] 76 | #[derive(Debug, PartialEq, FromXml)]
[INFO] [stdout]    |                            ^^^^^^^
[INFO] [stdout]    |
[INFO] [stdout]    = note: import resolution is stuck, try simplifying macro imports
[INFO] [stdout] 
[INFO] [stdout] 
[INFO] [stdout] error: cannot find attribute `async_xml` in this scope
[INFO] [stdout]   --> tests/newtype.rs:18:7
[INFO] [stdout]    |
[INFO] [stdout] 18 |     #[async_xml(attribute)]
[INFO] [stdout]    |       ^^^^^^^^^
[INFO] [stdout]    |
[INFO] [stdout]    = note: `async_xml` is in scope, but it is a crate, not an attribute
[INFO] [stdout] 
[INFO] [stdout] 
[INFO] [stdout] error[E0277]: the trait bound `Test: FromStr` is not satisfied
[INFO] [stdout]   --> tests/discard.rs:34:19
[INFO] [stdout]    |
[INFO] [stdout] 34 |     let _: Test = from_str(xml).await.unwrap();
[INFO] [stdout]    |                   ^^^^^^^^ the trait `FromStr` is not implemented for `Test`
[INFO] [stdout]    |
[INFO] [stdout]    = help: the following other types implement trait `FromStr`:
[INFO] [stdout]              IpAddr
[INFO] [stdout]              Ipv4Addr
[INFO] [stdout]              Ipv6Addr
[INFO] [stdout]              NonZeroI128
[INFO] [stdout]              NonZeroI16
[INFO] [stdout]              NonZeroI32
[INFO] [stdout]              NonZeroI64
[INFO] [stdout]              NonZeroI8
[INFO] [stdout]            and 32 others
[INFO] [stdout]    = note: required for `Test` to implement `FromXml<&[u8]>`
[INFO] [stdout] note: required by a bound in `async_xml::from_str`
[INFO] [stdout]   --> /opt/rustwide/workdir/src/lib.rs:20:30
[INFO] [stdout]    |
[INFO] [stdout] 20 | pub async fn from_str<'r, T: reader::FromXml<&'r [u8]>>(str: &'r str) -> Result<T> {
[INFO] [stdout]    |                              ^^^^^^^^^^^^^^^^^^^^^^^^^ required by this bound in `from_str`
[INFO] [stdout] 
[INFO] [stdout] 
[INFO] [stdout] error[E0277]: the trait bound `Report: XmlFromStr` is not satisfied
[INFO] [stdout]   --> examples/newtype_int.rs:6:26
[INFO] [stdout]    |
[INFO] [stdout] 6  |     let report: Report = from_str(r#"<report id="5"></report>"#).await.unwrap();
[INFO] [stdout]    |                          ^^^^^^^^ the trait `XmlFromStr` is not implemented for `Report`
[INFO] [stdout]    |
[INFO] [stdout]    = help: the following other types implement trait `XmlFromStr`:
[INFO] [stdout]              &'static T
[INFO] [stdout]              &str
[INFO] [stdout]              String
[INFO] [stdout]              XmlVec<T>
[INFO] [stdout]              bool
[INFO] [stdout]              char
[INFO] [stdout]              i16
[INFO] [stdout]              i32
[INFO] [stdout]            and 7 others
[INFO] [stdout]    = note: required for `Report` to implement `FromXml<&[u8]>`
[INFO] [stdout] note: required by a bound in `async_xml::from_str`
[INFO] [stdout]   --> /opt/rustwide/workdir/src/lib.rs:20:30
[INFO] [stdout]    |
[INFO] [stdout] 20 | pub async fn from_str<'r, T: reader::FromXml<&'r [u8]>>(str: &'r str) -> Result<T> {
[INFO] [stdout]    |                              ^^^^^^^^^^^^^^^^^^^^^^^^^ required by this bound in `from_str`
[INFO] [stdout] 
[INFO] [stdout] 
[INFO] [stdout] error[E0277]: the trait bound `Report: FromStr` is not satisfied
[INFO] [stdout]   --> tests/report_option.rs:31:22
[INFO] [stdout]    |
[INFO] [stdout] 31 |     let de: Report = from_str(xml).await.unwrap();
[INFO] [stdout]    |                      ^^^^^^^^ the trait `FromStr` is not implemented for `Report`
[INFO] [stdout]    |
[INFO] [stdout]    = help: the following other types implement trait `FromStr`:
[INFO] [stdout]              IpAddr
[INFO] [stdout]              Ipv4Addr
[INFO] [stdout]              Ipv6Addr
[INFO] [stdout]              NonZeroI128
[INFO] [stdout]              NonZeroI16
[INFO] [stdout]              NonZeroI32
[INFO] [stdout]              NonZeroI64
[INFO] [stdout]              NonZeroI8
[INFO] [stdout]            and 32 others
[INFO] [stdout]    = note: required for `Report` to implement `FromXml<&[u8]>`
[INFO] [stdout] note: required by a bound in `async_xml::from_str`
[INFO] [stdout]   --> /opt/rustwide/workdir/src/lib.rs:20:30
[INFO] [stdout]    |
[INFO] [stdout] 20 | pub async fn from_str<'r, T: reader::FromXml<&'r [u8]>>(str: &'r str) -> Result<T> {
[INFO] [stdout]    |                              ^^^^^^^^^^^^^^^^^^^^^^^^^ required by this bound in `from_str`
[INFO] [stdout] 
[INFO] [stdout] 
[INFO] [stdout] error: cannot find attribute `async_xml` in this scope
[INFO] [stdout]   --> tests/flatten_option.rs:78:7
[INFO] [stdout]    |
[INFO] [stdout] 78 |     #[async_xml(value)]
[INFO] [stdout]    |       ^^^^^^^^^
[INFO] [stdout]    |
[INFO] [stdout]    = note: `async_xml` is in scope, but it is a crate, not an attribute
[INFO] [stdout] 
[INFO] [stdout] 
[INFO] [stdout] error: cannot find attribute `async_xml` in this scope
[INFO] [stdout]   --> tests/newtype.rs:20:7
[INFO] [stdout]    |
[INFO] [stdout] 20 |     #[async_xml(child)]
[INFO] [stdout]    |       ^^^^^^^^^
[INFO] [stdout]    |
[INFO] [stdout]    = note: `async_xml` is in scope, but it is a crate, not an attribute
[INFO] [stdout] 
[INFO] [stdout] 
[INFO] [stdout] error: cannot determine resolution for the derive macro `FromXml`
[INFO] [stdout]   --> tests/newtype.rs:24:28
[INFO] [stdout]    |
[INFO] [stdout] 24 | #[derive(Debug, PartialEq, FromXml)]
[INFO] [stdout]    |                            ^^^^^^^
[INFO] [stdout]    |
[INFO] [stdout]    = note: import resolution is stuck, try simplifying macro imports
[INFO] [stdout] 
[INFO] [stdout] 
[INFO] [stdout] error[E0277]: the trait bound `Report: FromStr` is not satisfied
[INFO] [stdout]   --> examples/newtype_int.rs:6:26
[INFO] [stdout]    |
[INFO] [stdout] 6  |     let report: Report = from_str(r#"<report id="5"></report>"#).await.unwrap();
[INFO] [stdout]    |                          ^^^^^^^^ the trait `FromStr` is not implemented for `Report`
[INFO] [stdout]    |
[INFO] [stdout]    = help: the following other types implement trait `FromStr`:
[INFO] [stdout]              IpAddr
[INFO] [stdout]              Ipv4Addr
[INFO] [stdout]              Ipv6Addr
[INFO] [stdout]              NonZeroI128
[INFO] [stdout]              NonZeroI16
[INFO] [stdout]              NonZeroI32
[INFO] [stdout]              NonZeroI64
[INFO] [stdout]              NonZeroI8
[INFO] [stdout]            and 32 others
[INFO] [stdout]    = note: required for `Report` to implement `FromXml<&[u8]>`
[INFO] [stdout] note: required by a bound in `async_xml::from_str`
[INFO] [stdout]   --> /opt/rustwide/workdir/src/lib.rs:20:30
[INFO] [stdout]    |
[INFO] [stdout] 20 | pub async fn from_str<'r, T: reader::FromXml<&'r [u8]>>(str: &'r str) -> Result<T> {
[INFO] [stdout]    |                              ^^^^^^^^^^^^^^^^^^^^^^^^^ required by this bound in `from_str`
[INFO] [stdout] 
[INFO] [stdout] 
[INFO] [stdout] error: cannot determine resolution for the derive macro `FromXml`
[INFO] [stdout]   --> tests/newtype.rs:27:28
[INFO] [stdout]    |
[INFO] [stdout] 27 | #[derive(Debug, PartialEq, FromXml)]
[INFO] [stdout]    |                            ^^^^^^^
[INFO] [stdout]    |
[INFO] [stdout]    = note: import resolution is stuck, try simplifying macro imports
[INFO] [stdout] 
[INFO] [stdout] 
[INFO] [stdout] error: cannot determine resolution for the derive macro `FromXml`
[INFO] [stdout]   --> tests/newtype.rs:30:28
[INFO] [stdout]    |
[INFO] [stdout] 30 | #[derive(Debug, PartialEq, FromXml)]
[INFO] [stdout]    |                            ^^^^^^^
[INFO] [stdout]    |
[INFO] [stdout]    = note: import resolution is stuck, try simplifying macro imports
[INFO] [stdout] 
[INFO] [stdout] 
[INFO] [stdout] error[E0277]: the trait bound `TestAttributes: XmlFromStr` is not satisfied
[INFO] [stdout]   --> tests/discard.rs:43:30
[INFO] [stdout]    |
[INFO] [stdout] 43 |     let de: TestAttributes = from_str(xml).await.unwrap();
[INFO] [stdout]    |                              ^^^^^^^^ the trait `XmlFromStr` is not implemented for `TestAttributes`
[INFO] [stdout]    |
[INFO] [stdout]    = help: the following other types implement trait `XmlFromStr`:
[INFO] [stdout]              &'static T
[INFO] [stdout]              &str
[INFO] [stdout]              String
[INFO] [stdout]              XmlVec<T>
[INFO] [stdout]              bool
[INFO] [stdout]              char
[INFO] [stdout]              i16
[INFO] [stdout]              i32
[INFO] [stdout]            and 7 others
[INFO] [stdout]    = note: required for `TestAttributes` to implement `FromXml<&[u8]>`
[INFO] [stdout] note: required by a bound in `async_xml::from_str`
[INFO] [stdout]   --> /opt/rustwide/workdir/src/lib.rs:20:30
[INFO] [stdout]    |
[INFO] [stdout] 20 | pub async fn from_str<'r, T: reader::FromXml<&'r [u8]>>(str: &'r str) -> Result<T> {
[INFO] [stdout]    |                              ^^^^^^^^^^^^^^^^^^^^^^^^^ required by this bound in `from_str`
[INFO] [stdout] 
[INFO] [stdout] 
[INFO] [stderr] error: could not compile `async-xml` (test "flatten") due to 11 previous errors
[INFO] [stderr] error: could not compile `async-xml` (test "xml_vec_derive") due to 7 previous errors
[INFO] [stdout] error[E0277]: the trait bound `Response: XmlFromStr` is not satisfied
[INFO] [stdout]   --> examples/flatten.rs:7:24
[INFO] [stdout]    |
[INFO] [stdout] 7  |     let de: Response = from_str(xml).await.unwrap();
[INFO] [stdout]    |                        ^^^^^^^^ the trait `XmlFromStr` is not implemented for `Response`
[INFO] [stdout]    |
[INFO] [stdout]    = help: the following other types implement trait `XmlFromStr`:
[INFO] [stdout]              &'static T
[INFO] [stdout]              &str
[INFO] [stdout]              String
[INFO] [stdout]              XmlVec<T>
[INFO] [stdout]              bool
[INFO] [stdout]              char
[INFO] [stdout]              i16
[INFO] [stdout]              i32
[INFO] [stdout]            and 7 others
[INFO] [stdout]    = note: required for `Response` to implement `FromXml<&[u8]>`
[INFO] [stdout] note: required by a bound in `async_xml::from_str`
[INFO] [stdout]   --> /opt/rustwide/workdir/src/lib.rs:20:30
[INFO] [stdout]    |
[INFO] [stdout] 20 | pub async fn from_str<'r, T: reader::FromXml<&'r [u8]>>(str: &'r str) -> Result<T> {
[INFO] [stdout]    |                              ^^^^^^^^^^^^^^^^^^^^^^^^^ required by this bound in `from_str`
[INFO] [stdout] 
[INFO] [stdout] 
[INFO] [stdout] error[E0277]: the trait bound `TestAttributes: FromStr` is not satisfied
[INFO] [stdout]   --> tests/discard.rs:43:30
[INFO] [stdout]    |
[INFO] [stdout] 43 |     let de: TestAttributes = from_str(xml).await.unwrap();
[INFO] [stdout]    |                              ^^^^^^^^ the trait `FromStr` is not implemented for `TestAttributes`
[INFO] [stdout]    |
[INFO] [stdout]    = help: the following other types implement trait `FromStr`:
[INFO] [stdout]              IpAddr
[INFO] [stdout]              Ipv4Addr
[INFO] [stdout]              Ipv6Addr
[INFO] [stdout]              NonZeroI128
[INFO] [stdout]              NonZeroI16
[INFO] [stdout]              NonZeroI32
[INFO] [stdout]              NonZeroI64
[INFO] [stdout]              NonZeroI8
[INFO] [stdout]            and 32 others
[INFO] [stdout]    = note: required for `TestAttributes` to implement `FromXml<&[u8]>`
[INFO] [stdout] note: required by a bound in `async_xml::from_str`
[INFO] [stdout]   --> /opt/rustwide/workdir/src/lib.rs:20:30
[INFO] [stdout]    |
[INFO] [stdout] 20 | pub async fn from_str<'r, T: reader::FromXml<&'r [u8]>>(str: &'r str) -> Result<T> {
[INFO] [stdout]    |                              ^^^^^^^^^^^^^^^^^^^^^^^^^ required by this bound in `from_str`
[INFO] [stdout] 
[INFO] [stdout] 
[INFO] [stdout] error[E0277]: the trait bound `Response: FromStr` is not satisfied
[INFO] [stdout]   --> examples/flatten.rs:7:24
[INFO] [stdout]    |
[INFO] [stdout] 7  |     let de: Response = from_str(xml).await.unwrap();
[INFO] [stdout]    |                        ^^^^^^^^ the trait `FromStr` is not implemented for `Response`
[INFO] [stdout]    |
[INFO] [stdout]    = help: the following other types implement trait `FromStr`:
[INFO] [stdout]              IpAddr
[INFO] [stdout]              Ipv4Addr
[INFO] [stdout]              Ipv6Addr
[INFO] [stdout]              NonZeroI128
[INFO] [stdout]              NonZeroI16
[INFO] [stdout]              NonZeroI32
[INFO] [stdout]              NonZeroI64
[INFO] [stdout]              NonZeroI8
[INFO] [stdout]            and 32 others
[INFO] [stdout]    = note: required for `Response` to implement `FromXml<&[u8]>`
[INFO] [stdout] note: required by a bound in `async_xml::from_str`
[INFO] [stdout]   --> /opt/rustwide/workdir/src/lib.rs:20:30
[INFO] [stdout]    |
[INFO] [stdout] 20 | pub async fn from_str<'r, T: reader::FromXml<&'r [u8]>>(str: &'r str) -> Result<T> {
[INFO] [stdout]    |                              ^^^^^^^^^^^^^^^^^^^^^^^^^ required by this bound in `from_str`
[INFO] [stdout] 
[INFO] [stdout] 
[INFO] [stdout] error[E0277]: the trait bound `Report: XmlFromStr` is not satisfied
[INFO] [stdout]   --> tests/report_vec.rs:7:22
[INFO] [stdout]    |
[INFO] [stdout] 7  |     let de: Report = from_str(xml).await.unwrap();
[INFO] [stdout]    |                      ^^^^^^^^ the trait `XmlFromStr` is not implemented for `Report`
[INFO] [stdout]    |
[INFO] [stdout]    = help: the following other types implement trait `XmlFromStr`:
[INFO] [stdout]              &'static T
[INFO] [stdout]              &str
[INFO] [stdout]              String
[INFO] [stdout]              XmlVec<T>
[INFO] [stdout]              bool
[INFO] [stdout]              char
[INFO] [stdout]              i16
[INFO] [stdout]              i32
[INFO] [stdout]            and 7 others
[INFO] [stdout]    = note: required for `Report` to implement `FromXml<&[u8]>`
[INFO] [stdout] note: required by a bound in `async_xml::from_str`
[INFO] [stdout]   --> /opt/rustwide/workdir/src/lib.rs:20:30
[INFO] [stdout]    |
[INFO] [stdout] 20 | pub async fn from_str<'r, T: reader::FromXml<&'r [u8]>>(str: &'r str) -> Result<T> {
[INFO] [stdout]    |                              ^^^^^^^^^^^^^^^^^^^^^^^^^ required by this bound in `from_str`
[INFO] [stdout] 
[INFO] [stdout] 
[INFO] [stdout] error: aborting due to 14 previous errors
[INFO] [stdout] 
[INFO] [stdout] 
[INFO] [stdout] Some errors have detailed explanations: E0277, E0432.
[INFO] [stdout] 
[INFO] [stdout] For more information about an error, try `rustc --explain E0277`.
[INFO] [stdout] 
[INFO] [stdout] error[E0277]: the trait bound `Test: XmlFromStr` is not satisfied
[INFO] [stdout]   --> tests/discard.rs:57:19
[INFO] [stdout]    |
[INFO] [stdout] 57 |     let _: Test = from_str(xml).await.unwrap();
[INFO] [stdout]    |                   ^^^^^^^^ the trait `XmlFromStr` is not implemented for `Test`
[INFO] [stdout]    |
[INFO] [stdout]    = help: the following other types implement trait `XmlFromStr`:
[INFO] [stdout]              &'static T
[INFO] [stdout]              &str
[INFO] [stdout]              String
[INFO] [stdout]              XmlVec<T>
[INFO] [stdout]              bool
[INFO] [stdout]              char
[INFO] [stdout]              i16
[INFO] [stdout]              i32
[INFO] [stdout]            and 7 others
[INFO] [stdout]    = note: required for `Test` to implement `FromXml<&[u8]>`
[INFO] [stdout] note: required by a bound in `async_xml::from_str`
[INFO] [stdout]   --> /opt/rustwide/workdir/src/lib.rs:20:30
[INFO] [stdout]    |
[INFO] [stdout] 20 | pub async fn from_str<'r, T: reader::FromXml<&'r [u8]>>(str: &'r str) -> Result<T> {
[INFO] [stdout]    |                              ^^^^^^^^^^^^^^^^^^^^^^^^^ required by this bound in `from_str`
[INFO] [stdout] 
[INFO] [stdout] 
[INFO] [stdout] error[E0277]: the trait bound `Report: FromStr` is not satisfied
[INFO] [stdout]   --> tests/report_vec.rs:7:22
[INFO] [stdout]    |
[INFO] [stdout] 7  |     let de: Report = from_str(xml).await.unwrap();
[INFO] [stdout]    |                      ^^^^^^^^ the trait `FromStr` is not implemented for `Report`
[INFO] [stdout]    |
[INFO] [stdout]    = help: the following other types implement trait `FromStr`:
[INFO] [stdout]              IpAddr
[INFO] [stdout]              Ipv4Addr
[INFO] [stdout]              Ipv6Addr
[INFO] [stdout]              NonZeroI128
[INFO] [stdout]              NonZeroI16
[INFO] [stdout]              NonZeroI32
[INFO] [stdout]              NonZeroI64
[INFO] [stdout]              NonZeroI8
[INFO] [stdout]            and 32 others
[INFO] [stdout]    = note: required for `Report` to implement `FromXml<&[u8]>`
[INFO] [stdout] note: required by a bound in `async_xml::from_str`
[INFO] [stdout]   --> /opt/rustwide/workdir/src/lib.rs:20:30
[INFO] [stdout]    |
[INFO] [stdout] 20 | pub async fn from_str<'r, T: reader::FromXml<&'r [u8]>>(str: &'r str) -> Result<T> {
[INFO] [stdout]    |                              ^^^^^^^^^^^^^^^^^^^^^^^^^ required by this bound in `from_str`
[INFO] [stdout] 
[INFO] [stdout] 
[INFO] [stdout] error[E0277]: the trait bound `Test: FromStr` is not satisfied
[INFO] [stdout]   --> tests/discard.rs:57:19
[INFO] [stdout]    |
[INFO] [stdout] 57 |     let _: Test = from_str(xml).await.unwrap();
[INFO] [stdout]    |                   ^^^^^^^^ the trait `FromStr` is not implemented for `Test`
[INFO] [stdout]    |
[INFO] [stdout]    = help: the following other types implement trait `FromStr`:
[INFO] [stdout]              IpAddr
[INFO] [stdout]              Ipv4Addr
[INFO] [stdout]              Ipv6Addr
[INFO] [stdout]              NonZeroI128
[INFO] [stdout]              NonZeroI16
[INFO] [stdout]              NonZeroI32
[INFO] [stdout]              NonZeroI64
[INFO] [stdout]              NonZeroI8
[INFO] [stdout]            and 32 others
[INFO] [stdout]    = note: required for `Test` to implement `FromXml<&[u8]>`
[INFO] [stdout] note: required by a bound in `async_xml::from_str`
[INFO] [stdout]   --> /opt/rustwide/workdir/src/lib.rs:20:30
[INFO] [stdout]    |
[INFO] [stdout] 20 | pub async fn from_str<'r, T: reader::FromXml<&'r [u8]>>(str: &'r str) -> Result<T> {
[INFO] [stdout]    |                              ^^^^^^^^^^^^^^^^^^^^^^^^^ required by this bound in `from_str`
[INFO] [stdout] 
[INFO] [stdout] 
[INFO] [stdout] error: aborting due to 7 previous errors
[INFO] [stdout] 
[INFO] [stdout] 
[INFO] [stdout] Some errors have detailed explanations: E0277, E0432.
[INFO] [stdout] 
[INFO] [stdout] For more information about an error, try `rustc --explain E0277`.
[INFO] [stdout] 
[INFO] [stdout] error: aborting due to 10 previous errors
[INFO] [stdout] 
[INFO] [stdout] 
[INFO] [stdout] Some errors have detailed explanations: E0277, E0432.
[INFO] [stdout] 
[INFO] [stdout] For more information about an error, try `rustc --explain E0277`.
[INFO] [stdout] 
[INFO] [stdout] error: aborting due to 17 previous errors
[INFO] [stdout] 
[INFO] [stdout] 
[INFO] [stdout] Some errors have detailed explanations: E0277, E0432.
[INFO] [stdout] 
[INFO] [stdout] For more information about an error, try `rustc --explain E0277`.
[INFO] [stdout] 
[INFO] [stderr] error: could not compile `async-xml` (example "newtype_int") due to 8 previous errors
[INFO] [stderr] error: could not compile `async-xml` (test "report_option") due to 15 previous errors
[INFO] [stdout] error: aborting due to 11 previous errors
[INFO] [stdout] 
[INFO] [stdout] 
[INFO] [stdout] Some errors have detailed explanations: E0277, E0432.
[INFO] [stdout] 
[INFO] [stdout] For more information about an error, try `rustc --explain E0277`.
[INFO] [stdout] 
[INFO] [stdout] error: cannot find attribute `async_xml` in this scope
[INFO] [stdout]   --> examples/newtype_custom.rs:13:3
[INFO] [stdout]    |
[INFO] [stdout] 13 | #[async_xml(rename = "report")]
[INFO] [stdout]    |   ^^^^^^^^^
[INFO] [stdout]    |
[INFO] [stdout]    = note: `async_xml` is in scope, but it is a crate, not an attribute
[INFO] [stdout] 
[INFO] [stdout] 
[INFO] [stdout] error: cannot find attribute `async_xml` in this scope
[INFO] [stdout]   --> examples/newtype_custom.rs:15:7
[INFO] [stdout]    |
[INFO] [stdout] 15 |     #[async_xml(attribute)]
[INFO] [stdout]    |       ^^^^^^^^^
[INFO] [stdout]    |
[INFO] [stdout]    = note: `async_xml` is in scope, but it is a crate, not an attribute
[INFO] [stdout] 
[INFO] [stdout] 
[INFO] [stdout] error: cannot find attribute `async_xml` in this scope
[INFO] [stdout]   --> examples/newtype_custom.rs:17:7
[INFO] [stdout]    |
[INFO] [stdout] 17 |     #[async_xml(value)]
[INFO] [stdout]    |       ^^^^^^^^^
[INFO] [stdout]    |
[INFO] [stdout]    = note: `async_xml` is in scope, but it is a crate, not an attribute
[INFO] [stdout] 
[INFO] [stdout] 
[INFO] [stdout] error: cannot determine resolution for the derive macro `FromXml`
[INFO] [stdout]   --> examples/newtype_custom.rs:21:28
[INFO] [stdout]    |
[INFO] [stdout] 21 | #[derive(Debug, PartialEq, FromXml)]
[INFO] [stdout]    |                            ^^^^^^^
[INFO] [stdout]    |
[INFO] [stdout]    = note: import resolution is stuck, try simplifying macro imports
[INFO] [stdout] 
[INFO] [stdout] 
[INFO] [stderr] error: could not compile `async-xml` (example "flatten") due to 11 previous errors
[INFO] [stdout] error: cannot find attribute `async_xml` in this scope
[INFO] [stdout]   --> examples/newtype_custom.rs:22:3
[INFO] [stdout]    |
[INFO] [stdout] 22 | #[async_xml(from_str)]
[INFO] [stdout]    |   ^^^^^^^^^
[INFO] [stdout]    |
[INFO] [stdout]    = note: `async_xml` is in scope, but it is a crate, not an attribute
[INFO] [stdout] 
[INFO] [stdout] 
[INFO] [stderr] error: could not compile `async-xml` (test "discard") due to 18 previous errors
[INFO] [stderr] error: could not compile `async-xml` (test "report_vec") due to 12 previous errors
[INFO] [stdout] error[E0277]: the trait bound `Report: XmlFromStr` is not satisfied
[INFO] [stdout]   --> tests/newtype.rs:7:22
[INFO] [stdout]    |
[INFO] [stdout] 7  |     let de: Report = from_str(xml).await.unwrap();
[INFO] [stdout]    |                      ^^^^^^^^ the trait `XmlFromStr` is not implemented for `Report`
[INFO] [stdout]    |
[INFO] [stdout]    = help: the following other types implement trait `XmlFromStr`:
[INFO] [stdout]              &'static T
[INFO] [stdout]              &str
[INFO] [stdout]              String
[INFO] [stdout]              XmlVec<T>
[INFO] [stdout]              bool
[INFO] [stdout]              char
[INFO] [stdout]              i16
[INFO] [stdout]              i32
[INFO] [stdout]            and 7 others
[INFO] [stdout]    = note: required for `Report` to implement `FromXml<&[u8]>`
[INFO] [stdout] note: required by a bound in `async_xml::from_str`
[INFO] [stdout]   --> /opt/rustwide/workdir/src/lib.rs:20:30
[INFO] [stdout]    |
[INFO] [stdout] 20 | pub async fn from_str<'r, T: reader::FromXml<&'r [u8]>>(str: &'r str) -> Result<T> {
[INFO] [stdout]    |                              ^^^^^^^^^^^^^^^^^^^^^^^^^ required by this bound in `from_str`
[INFO] [stdout] 
[INFO] [stdout] 
[INFO] [stdout] error[E0277]: the trait bound `Response: XmlFromStr` is not satisfied
[INFO] [stdout]   --> tests/flatten_option.rs:8:24
[INFO] [stdout]    |
[INFO] [stdout] 8  |     let de: Response = from_str(xml).await.unwrap();
[INFO] [stdout]    |                        ^^^^^^^^ the trait `XmlFromStr` is not implemented for `Response`
[INFO] [stdout]    |
[INFO] [stdout]    = help: the following other types implement trait `XmlFromStr`:
[INFO] [stdout]              &'static T
[INFO] [stdout]              &str
[INFO] [stdout]              String
[INFO] [stdout]              XmlVec<T>
[INFO] [stdout]              bool
[INFO] [stdout]              char
[INFO] [stdout]              i16
[INFO] [stdout]              i32
[INFO] [stdout]            and 7 others
[INFO] [stdout]    = note: required for `Response` to implement `FromXml<&[u8]>`
[INFO] [stdout] note: required by a bound in `async_xml::from_str`
[INFO] [stdout]   --> /opt/rustwide/workdir/src/lib.rs:20:30
[INFO] [stdout]    |
[INFO] [stdout] 20 | pub async fn from_str<'r, T: reader::FromXml<&'r [u8]>>(str: &'r str) -> Result<T> {
[INFO] [stdout]    |                              ^^^^^^^^^^^^^^^^^^^^^^^^^ required by this bound in `from_str`
[INFO] [stdout] 
[INFO] [stdout] 
[INFO] [stdout] error[E0277]: the trait bound `Report: FromStr` is not satisfied
[INFO] [stdout]   --> tests/newtype.rs:7:22
[INFO] [stdout]    |
[INFO] [stdout] 7  |     let de: Report = from_str(xml).await.unwrap();
[INFO] [stdout]    |                      ^^^^^^^^ the trait `FromStr` is not implemented for `Report`
[INFO] [stdout]    |
[INFO] [stdout]    = help: the following other types implement trait `FromStr`:
[INFO] [stdout]              IpAddr
[INFO] [stdout]              Ipv4Addr
[INFO] [stdout]              Ipv6Addr
[INFO] [stdout]              NonZeroI128
[INFO] [stdout]              NonZeroI16
[INFO] [stdout]              NonZeroI32
[INFO] [stdout]              NonZeroI64
[INFO] [stdout]              NonZeroI8
[INFO] [stdout]            and 32 others
[INFO] [stdout]    = note: required for `Report` to implement `FromXml<&[u8]>`
[INFO] [stdout] note: required by a bound in `async_xml::from_str`
[INFO] [stdout]   --> /opt/rustwide/workdir/src/lib.rs:20:30
[INFO] [stdout]    |
[INFO] [stdout] 20 | pub async fn from_str<'r, T: reader::FromXml<&'r [u8]>>(str: &'r str) -> Result<T> {
[INFO] [stdout]    |                              ^^^^^^^^^^^^^^^^^^^^^^^^^ required by this bound in `from_str`
[INFO] [stdout] 
[INFO] [stdout] 
[INFO] [stdout] error[E0277]: the trait bound `Response: FromStr` is not satisfied
[INFO] [stdout]   --> tests/flatten_option.rs:8:24
[INFO] [stdout]    |
[INFO] [stdout] 8  |     let de: Response = from_str(xml).await.unwrap();
[INFO] [stdout]    |                        ^^^^^^^^ the trait `FromStr` is not implemented for `Response`
[INFO] [stdout]    |
[INFO] [stdout]    = help: the following other types implement trait `FromStr`:
[INFO] [stdout]              IpAddr
[INFO] [stdout]              Ipv4Addr
[INFO] [stdout]              Ipv6Addr
[INFO] [stdout]              NonZeroI128
[INFO] [stdout]              NonZeroI16
[INFO] [stdout]              NonZeroI32
[INFO] [stdout]              NonZeroI64
[INFO] [stdout]              NonZeroI8
[INFO] [stdout]            and 32 others
[INFO] [stdout]    = note: required for `Response` to implement `FromXml<&[u8]>`
[INFO] [stdout] note: required by a bound in `async_xml::from_str`
[INFO] [stdout]   --> /opt/rustwide/workdir/src/lib.rs:20:30
[INFO] [stdout]    |
[INFO] [stdout] 20 | pub async fn from_str<'r, T: reader::FromXml<&'r [u8]>>(str: &'r str) -> Result<T> {
[INFO] [stdout]    |                              ^^^^^^^^^^^^^^^^^^^^^^^^^ required by this bound in `from_str`
[INFO] [stdout] 
[INFO] [stdout] 
[INFO] [stdout] error[E0277]: the trait bound `Response: XmlFromStr` is not satisfied
[INFO] [stdout]   --> tests/flatten_option.rs:24:24
[INFO] [stdout]    |
[INFO] [stdout] 24 |     let de: Response = from_str(xml).await.unwrap();
[INFO] [stdout]    |                        ^^^^^^^^ the trait `XmlFromStr` is not implemented for `Response`
[INFO] [stdout]    |
[INFO] [stdout]    = help: the following other types implement trait `XmlFromStr`:
[INFO] [stdout]              &'static T
[INFO] [stdout]              &str
[INFO] [stdout]              String
[INFO] [stdout]              XmlVec<T>
[INFO] [stdout]              bool
[INFO] [stdout]              char
[INFO] [stdout]              i16
[INFO] [stdout]              i32
[INFO] [stdout]            and 7 others
[INFO] [stdout]    = note: required for `Response` to implement `FromXml<&[u8]>`
[INFO] [stdout] note: required by a bound in `async_xml::from_str`
[INFO] [stdout]   --> /opt/rustwide/workdir/src/lib.rs:20:30
[INFO] [stdout]    |
[INFO] [stdout] 20 | pub async fn from_str<'r, T: reader::FromXml<&'r [u8]>>(str: &'r str) -> Result<T> {
[INFO] [stdout]    |                              ^^^^^^^^^^^^^^^^^^^^^^^^^ required by this bound in `from_str`
[INFO] [stdout] 
[INFO] [stdout] 
[INFO] [stdout] error[E0277]: the trait bound `Response: FromStr` is not satisfied
[INFO] [stdout]   --> tests/flatten_option.rs:24:24
[INFO] [stdout]    |
[INFO] [stdout] 24 |     let de: Response = from_str(xml).await.unwrap();
[INFO] [stdout]    |                        ^^^^^^^^ the trait `FromStr` is not implemented for `Response`
[INFO] [stdout]    |
[INFO] [stdout]    = help: the following other types implement trait `FromStr`:
[INFO] [stdout]              IpAddr
[INFO] [stdout]              Ipv4Addr
[INFO] [stdout]              Ipv6Addr
[INFO] [stdout]              NonZeroI128
[INFO] [stdout]              NonZeroI16
[INFO] [stdout]              NonZeroI32
[INFO] [stdout]              NonZeroI64
[INFO] [stdout]              NonZeroI8
[INFO] [stdout]            and 32 others
[INFO] [stdout]    = note: required for `Response` to implement `FromXml<&[u8]>`
[INFO] [stdout] note: required by a bound in `async_xml::from_str`
[INFO] [stdout]   --> /opt/rustwide/workdir/src/lib.rs:20:30
[INFO] [stdout]    |
[INFO] [stdout] 20 | pub async fn from_str<'r, T: reader::FromXml<&'r [u8]>>(str: &'r str) -> Result<T> {
[INFO] [stdout]    |                              ^^^^^^^^^^^^^^^^^^^^^^^^^ required by this bound in `from_str`
[INFO] [stdout] 
[INFO] [stdout] 
[INFO] [stdout] error: aborting due to 10 previous errors
[INFO] [stdout] 
[INFO] [stdout] 
[INFO] [stdout] Some errors have detailed explanations: E0277, E0432.
[INFO] [stdout] 
[INFO] [stdout] For more information about an error, try `rustc --explain E0277`.
[INFO] [stdout] 
[INFO] [stdout] error[E0277]: the trait bound `Response: XmlFromStr` is not satisfied
[INFO] [stdout]   --> tests/flatten_option.rs:37:24
[INFO] [stdout]    |
[INFO] [stdout] 37 |     let de: Response = from_str(xml).await.unwrap();
[INFO] [stdout]    |                        ^^^^^^^^ the trait `XmlFromStr` is not implemented for `Response`
[INFO] [stdout]    |
[INFO] [stdout]    = help: the following other types implement trait `XmlFromStr`:
[INFO] [stdout]              &'static T
[INFO] [stdout]              &str
[INFO] [stdout]              String
[INFO] [stdout]              XmlVec<T>
[INFO] [stdout]              bool
[INFO] [stdout]              char
[INFO] [stdout]              i16
[INFO] [stdout]              i32
[INFO] [stdout]            and 7 others
[INFO] [stdout]    = note: required for `Response` to implement `FromXml<&[u8]>`
[INFO] [stdout] note: required by a bound in `async_xml::from_str`
[INFO] [stdout]   --> /opt/rustwide/workdir/src/lib.rs:20:30
[INFO] [stdout]    |
[INFO] [stdout] 20 | pub async fn from_str<'r, T: reader::FromXml<&'r [u8]>>(str: &'r str) -> Result<T> {
[INFO] [stdout]    |                              ^^^^^^^^^^^^^^^^^^^^^^^^^ required by this bound in `from_str`
[INFO] [stdout] 
[INFO] [stdout] 
[INFO] [stdout] error[E0277]: the trait bound `Response: FromStr` is not satisfied
[INFO] [stdout]   --> tests/flatten_option.rs:37:24
[INFO] [stdout]    |
[INFO] [stdout] 37 |     let de: Response = from_str(xml).await.unwrap();
[INFO] [stdout]    |                        ^^^^^^^^ the trait `FromStr` is not implemented for `Response`
[INFO] [stdout]    |
[INFO] [stdout]    = help: the following other types implement trait `FromStr`:
[INFO] [stdout]              IpAddr
[INFO] [stdout]              Ipv4Addr
[INFO] [stdout]              Ipv6Addr
[INFO] [stdout]              NonZeroI128
[INFO] [stdout]              NonZeroI16
[INFO] [stdout]              NonZeroI32
[INFO] [stdout]              NonZeroI64
[INFO] [stdout]              NonZeroI8
[INFO] [stdout]            and 32 others
[INFO] [stdout]    = note: required for `Response` to implement `FromXml<&[u8]>`
[INFO] [stdout] note: required by a bound in `async_xml::from_str`
[INFO] [stdout]   --> /opt/rustwide/workdir/src/lib.rs:20:30
[INFO] [stdout]    |
[INFO] [stdout] 20 | pub async fn from_str<'r, T: reader::FromXml<&'r [u8]>>(str: &'r str) -> Result<T> {
[INFO] [stdout]    |                              ^^^^^^^^^^^^^^^^^^^^^^^^^ required by this bound in `from_str`
[INFO] [stdout] 
[INFO] [stdout] 
[INFO] [stdout] error[E0277]: the trait bound `Response: XmlFromStr` is not satisfied
[INFO] [stdout]   --> tests/flatten_option.rs:50:24
[INFO] [stdout]    |
[INFO] [stdout] 50 |     let de: Response = from_str(xml).await.unwrap();
[INFO] [stdout]    |                        ^^^^^^^^ the trait `XmlFromStr` is not implemented for `Response`
[INFO] [stdout]    |
[INFO] [stdout]    = help: the following other types implement trait `XmlFromStr`:
[INFO] [stdout]              &'static T
[INFO] [stdout]              &str
[INFO] [stdout]              String
[INFO] [stdout]              XmlVec<T>
[INFO] [stdout]              bool
[INFO] [stdout]              char
[INFO] [stdout]              i16
[INFO] [stdout]              i32
[INFO] [stdout]            and 7 others
[INFO] [stdout]    = note: required for `Response` to implement `FromXml<&[u8]>`
[INFO] [stdout] note: required by a bound in `async_xml::from_str`
[INFO] [stdout]   --> /opt/rustwide/workdir/src/lib.rs:20:30
[INFO] [stdout]    |
[INFO] [stdout] 20 | pub async fn from_str<'r, T: reader::FromXml<&'r [u8]>>(str: &'r str) -> Result<T> {
[INFO] [stdout]    |                              ^^^^^^^^^^^^^^^^^^^^^^^^^ required by this bound in `from_str`
[INFO] [stdout] 
[INFO] [stdout] 
[INFO] [stdout] error[E0277]: the trait bound `Response: FromStr` is not satisfied
[INFO] [stdout]   --> tests/flatten_option.rs:50:24
[INFO] [stdout]    |
[INFO] [stdout] 50 |     let de: Response = from_str(xml).await.unwrap();
[INFO] [stdout]    |                        ^^^^^^^^ the trait `FromStr` is not implemented for `Response`
[INFO] [stdout]    |
[INFO] [stdout]    = help: the following other types implement trait `FromStr`:
[INFO] [stdout]              IpAddr
[INFO] [stdout]              Ipv4Addr
[INFO] [stdout]              Ipv6Addr
[INFO] [stdout]              NonZeroI128
[INFO] [stdout]              NonZeroI16
[INFO] [stdout]              NonZeroI32
[INFO] [stdout]              NonZeroI64
[INFO] [stdout]              NonZeroI8
[INFO] [stdout]            and 32 others
[INFO] [stdout]    = note: required for `Response` to implement `FromXml<&[u8]>`
[INFO] [stdout] note: required by a bound in `async_xml::from_str`
[INFO] [stdout]   --> /opt/rustwide/workdir/src/lib.rs:20:30
[INFO] [stdout]    |
[INFO] [stdout] 20 | pub async fn from_str<'r, T: reader::FromXml<&'r [u8]>>(str: &'r str) -> Result<T> {
[INFO] [stdout]    |                              ^^^^^^^^^^^^^^^^^^^^^^^^^ required by this bound in `from_str`
[INFO] [stdout] 
[INFO] [stdout] 
[INFO] [stderr] error: could not compile `async-xml` (test "newtype") due to 11 previous errors
[INFO] [stdout] error[E0277]: the trait bound `Report: XmlFromStr` is not satisfied
[INFO] [stdout]   --> examples/newtype_custom.rs:8:26
[INFO] [stdout]    |
[INFO] [stdout] 8  |     let report: Report = from_str(r#"<report id="a">text</report>"#).await.unwrap();
[INFO] [stdout]    |                          ^^^^^^^^ the trait `XmlFromStr` is not implemented for `Report`
[INFO] [stdout]    |
[INFO] [stdout]    = help: the following other types implement trait `XmlFromStr`:
[INFO] [stdout]              &'static T
[INFO] [stdout]              &str
[INFO] [stdout]              String
[INFO] [stdout]              XmlVec<T>
[INFO] [stdout]              bool
[INFO] [stdout]              char
[INFO] [stdout]              i16
[INFO] [stdout]              i32
[INFO] [stdout]            and 7 others
[INFO] [stdout]    = note: required for `Report` to implement `FromXml<&[u8]>`
[INFO] [stdout] note: required by a bound in `async_xml::from_str`
[INFO] [stdout]   --> /opt/rustwide/workdir/src/lib.rs:20:30
[INFO] [stdout]    |
[INFO] [stdout] 20 | pub async fn from_str<'r, T: reader::FromXml<&'r [u8]>>(str: &'r str) -> Result<T> {
[INFO] [stdout]    |                              ^^^^^^^^^^^^^^^^^^^^^^^^^ required by this bound in `from_str`
[INFO] [stdout] 
[INFO] [stdout] 
[INFO] [stdout] error[E0277]: the trait bound `Report: FromStr` is not satisfied
[INFO] [stdout]   --> examples/newtype_custom.rs:8:26
[INFO] [stdout]    |
[INFO] [stdout] 8  |     let report: Report = from_str(r#"<report id="a">text</report>"#).await.unwrap();
[INFO] [stdout]    |                          ^^^^^^^^ the trait `FromStr` is not implemented for `Report`
[INFO] [stdout]    |
[INFO] [stdout]    = help: the following other types implement trait `FromStr`:
[INFO] [stdout]              Id
[INFO] [stdout]              IpAddr
[INFO] [stdout]              Ipv4Addr
[INFO] [stdout]              Ipv6Addr
[INFO] [stdout]              NonZeroI128
[INFO] [stdout]              NonZeroI16
[INFO] [stdout]              NonZeroI32
[INFO] [stdout]              NonZeroI64
[INFO] [stdout]            and 33 others
[INFO] [stdout]    = note: required for `Report` to implement `FromXml<&[u8]>`
[INFO] [stdout] note: required by a bound in `async_xml::from_str`
[INFO] [stdout]   --> /opt/rustwide/workdir/src/lib.rs:20:30
[INFO] [stdout]    |
[INFO] [stdout] 20 | pub async fn from_str<'r, T: reader::FromXml<&'r [u8]>>(str: &'r str) -> Result<T> {
[INFO] [stdout]    |                              ^^^^^^^^^^^^^^^^^^^^^^^^^ required by this bound in `from_str`
[INFO] [stdout] 
[INFO] [stdout] 
[INFO] [stdout] error: aborting due to 17 previous errors
[INFO] [stdout] 
[INFO] [stdout] 
[INFO] [stdout] Some errors have detailed explanations: E0277, E0432.
[INFO] [stdout] 
[INFO] [stdout] For more information about an error, try `rustc --explain E0277`.
[INFO] [stdout] 
[INFO] [stdout] error: aborting due to 9 previous errors
[INFO] [stdout] 
[INFO] [stdout] 
[INFO] [stdout] Some errors have detailed explanations: E0277, E0432.
[INFO] [stdout] 
[INFO] [stdout] For more information about an error, try `rustc --explain E0277`.
[INFO] [stdout] 
[INFO] [stderr] error: could not compile `async-xml` (test "flatten_option") due to 18 previous errors
[INFO] [stderr] error: could not compile `async-xml` (example "newtype_custom") due to 10 previous errors
[INFO] running `Command { std: "docker" "inspect" "82f81d30145d7ddadf140bede2595a4b553b10d2d5dcdd069c5f4b3eb0412c16", kill_on_drop: false }`
[INFO] running `Command { std: "docker" "rm" "-f" "82f81d30145d7ddadf140bede2595a4b553b10d2d5dcdd069c5f4b3eb0412c16", kill_on_drop: false }`
[INFO] [stdout] 82f81d30145d7ddadf140bede2595a4b553b10d2d5dcdd069c5f4b3eb0412c16
